{"id":1394,"date":"2019-06-21T21:28:34","date_gmt":"2019-06-21T19:28:34","guid":{"rendered":"http:\/\/emtel.pl\/?page_id=1394"},"modified":"2021-11-17T13:23:26","modified_gmt":"2021-11-17T12:23:26","slug":"defibrylator-transportowy-defimax-mobile","status":"publish","type":"page","link":"https:\/\/emtel.pl\/index.php\/produkty\/defibrylator-transportowy-defimax-mobile\/","title":{"rendered":"Defibrylator transportowy DefiMax&nbsp;mobile"},"content":{"rendered":"<section class=\"l-section wpb_row height_small\"><div class=\"l-section-h i-cf\"><div class=\"g-cols vc_row via_flex valign_top type_default stacking_default\"><div class=\"vc_col-sm-12 wpb_column vc_column_container\"><div class=\"vc_column-inner\"><div class=\"wpb_wrapper\"><div class=\"wpb_text_column\"><div class=\"wpb_wrapper\"><p><strong>Wysokiej jako\u015bci przeno\u015bny defibrylator przeznaczony do u\u017cytku szpitalnego oraz transportu medycznego.<\/strong><\/p>\n<p>Wyposa\u017cenie defibrylatora w modu\u0142y do monitorowania EKG, ci\u015bnienia nieinwazyjnego NIBP (opcja), natlenowanie krwi SpO2 (opcja) oraz w kolorowy ekran o przek\u0105tnej 5,7 cali umo\u017cliwia monitorowanie podstawowych parametr\u00f3w \u017cyciowych pacjenta. DefiMax mobile posiada pami\u0119\u0107 zdarze\u0144, krzywych i trend\u00f3w.<\/p>\n<\/div><\/div><\/div><\/div><\/div><\/div><\/div><\/section><section class=\"l-section wpb_row us_custom_84975378 height_auto\"><div class=\"l-section-h i-cf\"><div class=\"g-cols vc_row via_flex valign_top type_default stacking_default\"><div class=\"vc_col-sm-12 wpb_column vc_column_container\"><div class=\"vc_column-inner\"><div class=\"wpb_wrapper\"><div class=\"w-image align_center us_animate_fade\" style=\"animation-delay:0.5s\"><div class=\"w-image-h\"><img decoding=\"async\" width=\"576\" height=\"400\" src=\"https:\/\/emtel.pl\/wp-content\/uploads\/2019\/08\/DefiMax-mobile-1-576x400.jpg\" class=\"attachment-us_0_400 size-us_0_400\" alt=\"DefiMax mobile\" loading=\"lazy\" srcset=\"https:\/\/emtel.pl\/wp-content\/uploads\/2019\/08\/DefiMax-mobile-1-576x400.jpg 576w, https:\/\/emtel.pl\/wp-content\/uploads\/2019\/08\/DefiMax-mobile-1-300x209.jpg 300w, https:\/\/emtel.pl\/wp-content\/uploads\/2019\/08\/DefiMax-mobile-1-1024x712.jpg 1024w, https:\/\/emtel.pl\/wp-content\/uploads\/2019\/08\/DefiMax-mobile-1.jpg 1200w\" sizes=\"auto, (max-width: 576px) 100vw, 576px\" \/><\/div><\/div><\/div><\/div><\/div><\/div><\/div><\/section><section class=\"l-section wpb_row height_small\"><div class=\"l-section-h i-cf\"><div class=\"g-cols vc_row via_flex valign_top type_default stacking_default\"><div class=\"vc_col-sm-12 wpb_column vc_column_container\"><div class=\"vc_column-inner\"><div class=\"wpb_wrapper\"><div class=\"wpb_text_column\"><div class=\"wpb_wrapper\"><p>Standardowo, opr\u00f3cz defibrylacji r\u0119cznej, dost\u0119pna jest funkcja kardiowersji i modu\u0142 EKG, a opcjonalnie tak\u017ce funkcja AED.<br \/>\nDefibrylacja impulsem dwufazowym oraz szeroki wyb\u00f3r dost\u0119pnych energii zwi\u0119kszaj\u0105 bezpiecze\u0144stwo i skuteczno\u015b\u0107 zastosowania urz\u0105dzenia u doros\u0142ych i dzieci.<\/p>\n<\/div><\/div><\/div><\/div><\/div><\/div><\/div><\/section><section class=\"l-section wpb_row us_custom_74af54a7 height_auto\"><div class=\"l-section-h i-cf\"><div class=\"g-cols vc_row via_flex valign_top type_default stacking_default\"><div class=\"vc_col-sm-12 wpb_column vc_column_container\"><div class=\"vc_column-inner\"><div class=\"wpb_wrapper\"><div class=\"wpb_text_column us_custom_a106749e\"><div class=\"wpb_wrapper\"><h3>Do pobrania:<\/h3>\n<\/div><\/div><div class=\"uavc-list-icon uavc-list-icon-wrapper ult-adjust-bottom-margin   vc_custom_1560498657262  vc_custom_1560498657262\"><ul class=\"uavc-list\"><li><div class=\"uavc-list-content\" id=\"list-icon-wrap-3718\">\n<div class=\"uavc-list-icon margin-bottom:0; \" data-animation=\"\" data-animation-delay=\"03\" style=\"margin-right:10px;\"><div class=\"ult-just-icon-wrapper  \"><div class=\"align-icon\" style=\"text-align:center;\">\n<div class=\"aio-icon-img \" style=\"font-size:35px;display:inline-block;\" >\n\t<img decoding=\"async\" class=\"img-icon\" alt=\"null\" src=\"https:\/\/emtel.pl\/wp-content\/uploads\/2019\/06\/icon-pdf.png\"\/>\n<\/div><\/div><\/div>\n<\/div><span  data-ultimate-target='#list-icon-wrap-3718 .uavc-list-desc'  data-responsive-json-new='{\"font-size\":\"\",\"line-height\":\"\"}'  class=\"uavc-list-desc ult-responsive\" style=\"\"><a href=\"\/wp-content\/uploads\/2021\/11\/DefiMax-mobile.pdf\" target=\"_blank\" rel=\"nofollow noopener noreferrer\">Defibrylator transportowy DefiMax&nbsp;mobile &#8211; katalog<\/a><\/p>\n<\/span><\/div><\/li><\/ul><\/div><\/div><\/div><\/div><\/div><\/div><\/section><!-- Row Backgrounds --><div class=\"upb_color\" data-bg-override=\"0\" data-bg-color=\"#f7f7f7\" data-fadeout=\"\" data-fadeout-percentage=\"30\" data-parallax-content=\"\" data-parallax-content-sense=\"30\" data-row-effect-mobile-disable=\"true\" data-img-parallax-mobile-disable=\"true\" data-rtl=\"false\"  data-custom-vc-row=\"\"  data-vc=\"8.7.2\"  data-is_old_vc=\"\"  data-theme-support=\"\"   data-overlay=\"false\" data-overlay-color=\"\" data-overlay-pattern=\"\" data-overlay-pattern-opacity=\"\" data-overlay-pattern-size=\"\"    ><\/div><section class=\"l-section wpb_row us_custom_1e0f1a18 height_small\"><div class=\"l-section-h i-cf\"><div class=\"g-cols vc_row via_flex valign_top type_default stacking_default\"><div class=\"vc_col-sm-12 wpb_column vc_column_container\"><div class=\"vc_column-inner\"><div class=\"wpb_wrapper\"><div class=\"wpb_text_column\"><div class=\"wpb_wrapper\"><h3 style=\"text-align: center;\">Aparat posiada certyfikat CE i zarejestrowany jest w Urz\u0119dzie Rejestracji Wyrob\u00f3w Medycznych.<\/h3>\n<\/div><\/div><\/div><\/div><\/div><\/div><\/div><\/section><!-- Row Backgrounds --><div class=\"upb_color\" data-bg-override=\"0\" data-bg-color=\"#f5f5f5\" data-fadeout=\"\" data-fadeout-percentage=\"30\" data-parallax-content=\"\" data-parallax-content-sense=\"30\" data-row-effect-mobile-disable=\"true\" data-img-parallax-mobile-disable=\"true\" data-rtl=\"false\"  data-custom-vc-row=\"\"  data-vc=\"8.7.2\"  data-is_old_vc=\"\"  data-theme-support=\"\"   data-overlay=\"false\" data-overlay-color=\"\" data-overlay-pattern=\"\" data-overlay-pattern-opacity=\"\" data-overlay-pattern-size=\"\"    ><\/div>\n","protected":false},"excerpt":{"rendered":"Wysokiej jako\u015bci przeno\u015bny defibrylator przeznaczony do u\u017cytku szpitalnego oraz transportu medycznego. Wyposa\u017cenie defibrylatora w modu\u0142y do monitorowania EKG, ci\u015bnienia nieinwazyjnego NIBP (opcja), natlenowanie krwi SpO2 (opcja) oraz w kolorowy ekran o przek\u0105tnej 5,7 cali umo\u017cliwia monitorowanie podstawowych parametr\u00f3w \u017cyciowych pacjenta. DefiMax mobile posiada pami\u0119\u0107 zdarze\u0144, krzywych i trend\u00f3w. Standardowo, opr\u00f3cz defibrylacji r\u0119cznej, dost\u0119pna jest funkcja...","protected":false},"author":1,"featured_media":1819,"parent":9,"menu_order":8,"comment_status":"closed","ping_status":"closed","template":"","meta":{"_jet_sm_ready_style":"","_jet_sm_style":"","_jet_sm_controls_values":"","_jet_sm_fonts_collection":"","_jet_sm_fonts_links":"","footnotes":"","_links_to":"","_links_to_target":""},"class_list":["post-1394","page","type-page","status-publish","has-post-thumbnail","hentry"],"yoast_head":"<!-- This site is optimized with the Yoast SEO plugin v26.6 - https:\/\/yoast.com\/wordpress\/plugins\/seo\/ -->\n<title>Defibrylator transportowy DefiMax&nbsp;mobile - EMTEL - kardiomonitory, defibrylatory, profesjonalny serwis producenta<\/title>\n<meta name=\"description\" content=\"Automatyczny defibrylator (AED) przeznaczony do wykorzystania w centrach handlowych, obiektach sportowych, urz\u0119dach, lotniskach, stacjach kolejowych itp.\" \/>\n<meta name=\"robots\" content=\"index, follow, max-snippet:-1, max-image-preview:large, max-video-preview:-1\" \/>\n<link rel=\"canonical\" href=\"https:\/\/emtel.pl\/index.php\/produkty\/defibrylator-transportowy-defimax-mobile\/\" \/>\n<meta property=\"og:locale\" content=\"pl_PL\" \/>\n<meta property=\"og:type\" content=\"article\" \/>\n<meta property=\"og:title\" content=\"Defibrylator transportowy DefiMax&nbsp;mobile - EMTEL - kardiomonitory, defibrylatory, profesjonalny serwis producenta\" \/>\n<meta property=\"og:description\" content=\"Automatyczny defibrylator (AED) przeznaczony do wykorzystania w centrach handlowych, obiektach sportowych, urz\u0119dach, lotniskach, stacjach kolejowych itp.\" \/>\n<meta property=\"og:url\" content=\"https:\/\/emtel.pl\/index.php\/produkty\/defibrylator-transportowy-defimax-mobile\/\" \/>\n<meta property=\"og:site_name\" content=\"EMTEL - kardiomonitory, defibrylatory, profesjonalny serwis producenta\" \/>\n<meta property=\"article:modified_time\" content=\"2021-11-17T12:23:26+00:00\" \/>\n<meta property=\"og:image\" content=\"http:\/\/emtel.pl\/wp-content\/uploads\/2019\/08\/DefiMax-mobile-1.jpg\" \/>\n\t<meta property=\"og:image:width\" content=\"1200\" \/>\n\t<meta property=\"og:image:height\" content=\"834\" \/>\n\t<meta property=\"og:image:type\" content=\"image\/jpeg\" \/>\n<meta name=\"twitter:card\" content=\"summary_large_image\" \/>\n<meta name=\"twitter:label1\" content=\"Szacowany czas czytania\" \/>\n\t<meta name=\"twitter:data1\" content=\"1 minuta\" \/>\n<script type=\"application\/ld+json\" class=\"yoast-schema-graph\">{\"@context\":\"https:\/\/schema.org\",\"@graph\":[{\"@type\":\"WebPage\",\"@id\":\"https:\/\/emtel.pl\/index.php\/produkty\/defibrylator-transportowy-defimax-mobile\/\",\"url\":\"https:\/\/emtel.pl\/index.php\/produkty\/defibrylator-transportowy-defimax-mobile\/\",\"name\":\"Defibrylator transportowy DefiMax&nbsp;mobile - EMTEL - kardiomonitory, defibrylatory, profesjonalny serwis producenta\",\"isPartOf\":{\"@id\":\"https:\/\/emtel.pl\/#website\"},\"primaryImageOfPage\":{\"@id\":\"https:\/\/emtel.pl\/index.php\/produkty\/defibrylator-transportowy-defimax-mobile\/#primaryimage\"},\"image\":{\"@id\":\"https:\/\/emtel.pl\/index.php\/produkty\/defibrylator-transportowy-defimax-mobile\/#primaryimage\"},\"thumbnailUrl\":\"https:\/\/emtel.pl\/wp-content\/uploads\/2019\/08\/DefiMax-mobile-1.jpg\",\"datePublished\":\"2019-06-21T19:28:34+00:00\",\"dateModified\":\"2021-11-17T12:23:26+00:00\",\"description\":\"Automatyczny defibrylator (AED) przeznaczony do wykorzystania w centrach handlowych, obiektach sportowych, urz\u0119dach, lotniskach, stacjach kolejowych itp.\",\"breadcrumb\":{\"@id\":\"https:\/\/emtel.pl\/index.php\/produkty\/defibrylator-transportowy-defimax-mobile\/#breadcrumb\"},\"inLanguage\":\"pl-PL\",\"potentialAction\":[{\"@type\":\"ReadAction\",\"target\":[\"https:\/\/emtel.pl\/index.php\/produkty\/defibrylator-transportowy-defimax-mobile\/\"]}]},{\"@type\":\"ImageObject\",\"inLanguage\":\"pl-PL\",\"@id\":\"https:\/\/emtel.pl\/index.php\/produkty\/defibrylator-transportowy-defimax-mobile\/#primaryimage\",\"url\":\"https:\/\/emtel.pl\/wp-content\/uploads\/2019\/08\/DefiMax-mobile-1.jpg\",\"contentUrl\":\"https:\/\/emtel.pl\/wp-content\/uploads\/2019\/08\/DefiMax-mobile-1.jpg\",\"width\":1200,\"height\":834,\"caption\":\"DefiMax mobile\"},{\"@type\":\"BreadcrumbList\",\"@id\":\"https:\/\/emtel.pl\/index.php\/produkty\/defibrylator-transportowy-defimax-mobile\/#breadcrumb\",\"itemListElement\":[{\"@type\":\"ListItem\",\"position\":1,\"name\":\"Strona g\u0142\u00f3wna\",\"item\":\"https:\/\/emtel.pl\/\"},{\"@type\":\"ListItem\",\"position\":2,\"name\":\"Produkty\",\"item\":\"https:\/\/emtel.pl\/index.php\/produkty\/\"},{\"@type\":\"ListItem\",\"position\":3,\"name\":\"Defibrylator transportowy DefiMax&nbsp;mobile\"}]},{\"@type\":\"WebSite\",\"@id\":\"https:\/\/emtel.pl\/#website\",\"url\":\"https:\/\/emtel.pl\/\",\"name\":\"EMTEL - kardiomonitory, defibrylatory, profesjonalny serwis producenta\",\"description\":\"Technologia od serca\",\"potentialAction\":[{\"@type\":\"SearchAction\",\"target\":{\"@type\":\"EntryPoint\",\"urlTemplate\":\"https:\/\/emtel.pl\/?s={search_term_string}\"},\"query-input\":{\"@type\":\"PropertyValueSpecification\",\"valueRequired\":true,\"valueName\":\"search_term_string\"}}],\"inLanguage\":\"pl-PL\"}]}<\/script>\n<!-- \/ Yoast SEO plugin. -->","yoast_head_json":{"title":"Defibrylator transportowy DefiMax&nbsp;mobile - EMTEL - kardiomonitory, defibrylatory, profesjonalny serwis producenta","description":"Automatyczny defibrylator (AED) przeznaczony do wykorzystania w centrach handlowych, obiektach sportowych, urz\u0119dach, lotniskach, stacjach kolejowych itp.","robots":{"index":"index","follow":"follow","max-snippet":"max-snippet:-1","max-image-preview":"max-image-preview:large","max-video-preview":"max-video-preview:-1"},"canonical":"https:\/\/emtel.pl\/index.php\/produkty\/defibrylator-transportowy-defimax-mobile\/","og_locale":"pl_PL","og_type":"article","og_title":"Defibrylator transportowy DefiMax&nbsp;mobile - EMTEL - kardiomonitory, defibrylatory, profesjonalny serwis producenta","og_description":"Automatyczny defibrylator (AED) przeznaczony do wykorzystania w centrach handlowych, obiektach sportowych, urz\u0119dach, lotniskach, stacjach kolejowych itp.","og_url":"https:\/\/emtel.pl\/index.php\/produkty\/defibrylator-transportowy-defimax-mobile\/","og_site_name":"EMTEL - kardiomonitory, defibrylatory, profesjonalny serwis producenta","article_modified_time":"2021-11-17T12:23:26+00:00","og_image":[{"width":1200,"height":834,"url":"http:\/\/emtel.pl\/wp-content\/uploads\/2019\/08\/DefiMax-mobile-1.jpg","type":"image\/jpeg"}],"twitter_card":"summary_large_image","twitter_misc":{"Szacowany czas czytania":"1 minuta"},"schema":{"@context":"https:\/\/schema.org","@graph":[{"@type":"WebPage","@id":"https:\/\/emtel.pl\/index.php\/produkty\/defibrylator-transportowy-defimax-mobile\/","url":"https:\/\/emtel.pl\/index.php\/produkty\/defibrylator-transportowy-defimax-mobile\/","name":"Defibrylator transportowy DefiMax&nbsp;mobile - EMTEL - kardiomonitory, defibrylatory, profesjonalny serwis producenta","isPartOf":{"@id":"https:\/\/emtel.pl\/#website"},"primaryImageOfPage":{"@id":"https:\/\/emtel.pl\/index.php\/produkty\/defibrylator-transportowy-defimax-mobile\/#primaryimage"},"image":{"@id":"https:\/\/emtel.pl\/index.php\/produkty\/defibrylator-transportowy-defimax-mobile\/#primaryimage"},"thumbnailUrl":"https:\/\/emtel.pl\/wp-content\/uploads\/2019\/08\/DefiMax-mobile-1.jpg","datePublished":"2019-06-21T19:28:34+00:00","dateModified":"2021-11-17T12:23:26+00:00","description":"Automatyczny defibrylator (AED) przeznaczony do wykorzystania w centrach handlowych, obiektach sportowych, urz\u0119dach, lotniskach, stacjach kolejowych itp.","breadcrumb":{"@id":"https:\/\/emtel.pl\/index.php\/produkty\/defibrylator-transportowy-defimax-mobile\/#breadcrumb"},"inLanguage":"pl-PL","potentialAction":[{"@type":"ReadAction","target":["https:\/\/emtel.pl\/index.php\/produkty\/defibrylator-transportowy-defimax-mobile\/"]}]},{"@type":"ImageObject","inLanguage":"pl-PL","@id":"https:\/\/emtel.pl\/index.php\/produkty\/defibrylator-transportowy-defimax-mobile\/#primaryimage","url":"https:\/\/emtel.pl\/wp-content\/uploads\/2019\/08\/DefiMax-mobile-1.jpg","contentUrl":"https:\/\/emtel.pl\/wp-content\/uploads\/2019\/08\/DefiMax-mobile-1.jpg","width":1200,"height":834,"caption":"DefiMax mobile"},{"@type":"BreadcrumbList","@id":"https:\/\/emtel.pl\/index.php\/produkty\/defibrylator-transportowy-defimax-mobile\/#breadcrumb","itemListElement":[{"@type":"ListItem","position":1,"name":"Strona g\u0142\u00f3wna","item":"https:\/\/emtel.pl\/"},{"@type":"ListItem","position":2,"name":"Produkty","item":"https:\/\/emtel.pl\/index.php\/produkty\/"},{"@type":"ListItem","position":3,"name":"Defibrylator transportowy DefiMax&nbsp;mobile"}]},{"@type":"WebSite","@id":"https:\/\/emtel.pl\/#website","url":"https:\/\/emtel.pl\/","name":"EMTEL - kardiomonitory, defibrylatory, profesjonalny serwis producenta","description":"Technologia od serca","potentialAction":[{"@type":"SearchAction","target":{"@type":"EntryPoint","urlTemplate":"https:\/\/emtel.pl\/?s={search_term_string}"},"query-input":{"@type":"PropertyValueSpecification","valueRequired":true,"valueName":"search_term_string"}}],"inLanguage":"pl-PL"}]}},"_links":{"self":[{"href":"https:\/\/emtel.pl\/index.php\/wp-json\/wp\/v2\/pages\/1394","targetHints":{"allow":["GET"]}}],"collection":[{"href":"https:\/\/emtel.pl\/index.php\/wp-json\/wp\/v2\/pages"}],"about":[{"href":"https:\/\/emtel.pl\/index.php\/wp-json\/wp\/v2\/types\/page"}],"author":[{"embeddable":true,"href":"https:\/\/emtel.pl\/index.php\/wp-json\/wp\/v2\/users\/1"}],"replies":[{"embeddable":true,"href":"https:\/\/emtel.pl\/index.php\/wp-json\/wp\/v2\/comments?post=1394"}],"version-history":[{"count":19,"href":"https:\/\/emtel.pl\/index.php\/wp-json\/wp\/v2\/pages\/1394\/revisions"}],"predecessor-version":[{"id":2372,"href":"https:\/\/emtel.pl\/index.php\/wp-json\/wp\/v2\/pages\/1394\/revisions\/2372"}],"up":[{"embeddable":true,"href":"https:\/\/emtel.pl\/index.php\/wp-json\/wp\/v2\/pages\/9"}],"wp:featuredmedia":[{"embeddable":true,"href":"https:\/\/emtel.pl\/index.php\/wp-json\/wp\/v2\/media\/1819"}],"wp:attachment":[{"href":"https:\/\/emtel.pl\/index.php\/wp-json\/wp\/v2\/media?parent=1394"}],"curies":[{"name":"wp","href":"https:\/\/api.w.org\/{rel}","templated":true}]}}