{"id":1396,"date":"2019-07-22T22:40:31","date_gmt":"2019-07-22T20:40:31","guid":{"rendered":"http:\/\/emtel.pl\/?page_id=1396"},"modified":"2020-12-01T12:26:45","modified_gmt":"2020-12-01T11:26:45","slug":"defibrillateur-portable-defimax-mobile","status":"publish","type":"page","link":"https:\/\/emtel.pl\/index.php\/produits\/defibrillateur-portable-defimax-mobile\/?lang=fr","title":{"rendered":"D\u00e9fibrillateur portable DefiMax mobile"},"content":{"rendered":"<section class=\"l-section wpb_row height_small\"><div class=\"l-section-h i-cf\"><div class=\"g-cols vc_row via_flex valign_top type_default stacking_default\"><div class=\"vc_col-sm-12 wpb_column vc_column_container\"><div class=\"vc_column-inner\"><div class=\"wpb_wrapper\"><div class=\"wpb_text_column\"><div class=\"wpb_wrapper\"><p><strong>Le d\u00e9fibrillateur portable de haute qualit\u00e9 destin\u00e9 aux h\u00f4pitaux et aux \u00e9quipes de secours.<\/strong><\/p>\n<p>Une d\u00e9fibrillation manuelle, mode de cardioversion et module ECG sont disponibles dans chaque d\u00e9fibrillateur. Le mode DAE est une fonctionnalit\u00e9 optionnelle.<\/p>\n<\/div><\/div><\/div><\/div><\/div><\/div><\/div><\/section><section class=\"l-section wpb_row us_custom_84975378 height_small\"><div class=\"l-section-h i-cf\"><div class=\"g-cols vc_row via_flex valign_top type_default stacking_default\"><div class=\"vc_col-sm-12 wpb_column vc_column_container\"><div class=\"vc_column-inner\"><div class=\"wpb_wrapper\"><div class=\"w-image align_center us_animate_fade\" style=\"animation-delay:0.5s\"><div class=\"w-image-h\"><img decoding=\"async\" width=\"576\" height=\"400\" src=\"https:\/\/emtel.pl\/wp-content\/uploads\/2019\/08\/DefiMax-mobile-fr-576x400.jpg\" class=\"attachment-us_0_400 size-us_0_400\" alt=\"DefiMax mobile\" loading=\"lazy\" srcset=\"https:\/\/emtel.pl\/wp-content\/uploads\/2019\/08\/DefiMax-mobile-fr-576x400.jpg 576w, https:\/\/emtel.pl\/wp-content\/uploads\/2019\/08\/DefiMax-mobile-fr-300x209.jpg 300w, https:\/\/emtel.pl\/wp-content\/uploads\/2019\/08\/DefiMax-mobile-fr-1024x712.jpg 1024w, https:\/\/emtel.pl\/wp-content\/uploads\/2019\/08\/DefiMax-mobile-fr.jpg 1200w\" sizes=\"auto, (max-width: 576px) 100vw, 576px\" \/><\/div><\/div><\/div><\/div><\/div><\/div><\/div><\/section><section class=\"l-section wpb_row height_small\"><div class=\"l-section-h i-cf\"><div class=\"g-cols vc_row via_flex valign_top type_default stacking_default\"><div class=\"vc_col-sm-12 wpb_column vc_column_container\"><div class=\"vc_column-inner\"><div class=\"wpb_wrapper\"><div class=\"wpb_text_column\"><div class=\"wpb_wrapper\"><p class=\"western\"><span lang=\"fr-FR\">Une impulsion de d\u00e9fibrillation biphasique et une large gamme d&#8217;\u00e9nergies disponibles garantissent la s\u00e9curit\u00e9 et l&#8217;efficacit\u00e9 pour des patients adultes et p\u00e9diatriques.<\/span><\/p>\n<p class=\"western\" lang=\"fr-FR\">Le d\u00e9fibrillateur est \u00e9quip\u00e9 d&#8217;un \u00e9cran couleur de 5,7 pouces pour afficher les signes vitaux du patient, tels que l&#8217;ECG, la saturation en oxyg\u00e8ne SpO<sub>2 <\/sub>(en option) et la pression art\u00e9rielle non invasive PNI (en option). DefiMax mobile collecte des informations sur les d\u00e9fibrillations et monitorage sous forme d&#8217;\u00e9v\u00e9nements, de formes d&#8217;onde et de tendances.<\/p>\n<p>Un usage intuitif et facile, plus une technologie avanc\u00e9e garantissent le fonctionnement efficace du d\u00e9fibrillateur.<\/p>\n<\/div><\/div><\/div><\/div><\/div><\/div><\/div><\/section><section class=\"l-section wpb_row us_custom_123896b4 height_auto\"><div class=\"l-section-h i-cf\"><div class=\"g-cols vc_row via_flex valign_top type_default stacking_default\"><div class=\"vc_col-sm-12 wpb_column vc_column_container\"><div class=\"vc_column-inner\"><div class=\"wpb_wrapper\"><div class=\"wpb_text_column us_custom_a106749e\"><div class=\"wpb_wrapper\"><h3>\u00c0 t\u00e9l\u00e9charger<\/h3>\n<\/div><\/div><div class=\"uavc-list-icon uavc-list-icon-wrapper ult-adjust-bottom-margin   vc_custom_1560498657262  vc_custom_1560498657262\"><ul class=\"uavc-list\"><li><div class=\"uavc-list-content\" id=\"list-icon-wrap-1442\">\n<div class=\"uavc-list-icon margin-bottom:0; \" data-animation=\"\" data-animation-delay=\"03\" style=\"margin-right:10px;\"><div class=\"ult-just-icon-wrapper  \"><div class=\"align-icon\" style=\"text-align:center;\">\n<div class=\"aio-icon-img \" style=\"font-size:35px;display:inline-block;\" >\n\t<img decoding=\"async\" class=\"img-icon\" alt=\"null\" src=\"https:\/\/emtel.pl\/wp-content\/uploads\/2019\/06\/icon-pdf.png\"\/>\n<\/div><\/div><\/div>\n<\/div><span  data-ultimate-target='#list-icon-wrap-1442 .uavc-list-desc'  data-responsive-json-new='{\"font-size\":\"\",\"line-height\":\"\"}'  class=\"uavc-list-desc ult-responsive\" style=\"\"><a href=\"\/download\/FR\/FR DefiMax Mobile.pdf\" target=\"_blank\" rel=\"noopener noreferrer\">D\u00e9fibrillateur portable DefiMax mobile &#8211; fiche produit<\/a><\/span><\/div><\/li><\/ul><\/div><\/div><\/div><\/div><\/div><\/div><\/section><!-- Row Backgrounds --><div class=\"upb_color\" data-bg-override=\"0\" data-bg-color=\"#f7f7f7\" data-fadeout=\"\" data-fadeout-percentage=\"30\" data-parallax-content=\"\" data-parallax-content-sense=\"30\" data-row-effect-mobile-disable=\"true\" data-img-parallax-mobile-disable=\"true\" data-rtl=\"false\"  data-custom-vc-row=\"\"  data-vc=\"8.7.2\"  data-is_old_vc=\"\"  data-theme-support=\"\"   data-overlay=\"false\" data-overlay-color=\"\" data-overlay-pattern=\"\" data-overlay-pattern-opacity=\"\" data-overlay-pattern-size=\"\"    ><\/div><section class=\"l-section wpb_row us_custom_5b1892f8 height_small\"><div class=\"l-section-h i-cf\"><div class=\"g-cols vc_row via_flex valign_top type_default stacking_default\"><div class=\"vc_col-sm-12 wpb_column vc_column_container\"><div class=\"vc_column-inner\"><div class=\"wpb_wrapper\"><div class=\"wpb_text_column\"><div class=\"wpb_wrapper\"><h3 style=\"text-align: center;\">Le produit est marqu\u00e9 \u00ab CE \u00bb<\/h3>\n<\/div><\/div><\/div><\/div><\/div><\/div><\/div><\/section><!-- Row Backgrounds --><div class=\"upb_color\" data-bg-override=\"0\" data-bg-color=\"#f5f5f5\" data-fadeout=\"\" data-fadeout-percentage=\"30\" data-parallax-content=\"\" data-parallax-content-sense=\"30\" data-row-effect-mobile-disable=\"true\" data-img-parallax-mobile-disable=\"true\" data-rtl=\"false\"  data-custom-vc-row=\"\"  data-vc=\"8.7.2\"  data-is_old_vc=\"\"  data-theme-support=\"\"   data-overlay=\"false\" data-overlay-color=\"\" data-overlay-pattern=\"\" data-overlay-pattern-opacity=\"\" data-overlay-pattern-size=\"\"    ><\/div>\n","protected":false},"excerpt":{"rendered":"Le d\u00e9fibrillateur portable de haute qualit\u00e9 destin\u00e9 aux h\u00f4pitaux et aux \u00e9quipes de secours. Une d\u00e9fibrillation manuelle, mode de cardioversion et module ECG sont disponibles dans chaque d\u00e9fibrillateur. Le mode DAE est une fonctionnalit\u00e9 optionnelle. Une impulsion de d\u00e9fibrillation biphasique et une large gamme d&#8217;\u00e9nergies disponibles garantissent la s\u00e9curit\u00e9 et l&#8217;efficacit\u00e9 pour des patients adultes...","protected":false},"author":1,"featured_media":1817,"parent":855,"menu_order":8,"comment_status":"closed","ping_status":"closed","template":"","meta":{"_jet_sm_ready_style":"","_jet_sm_style":"","_jet_sm_controls_values":"","_jet_sm_fonts_collection":"","_jet_sm_fonts_links":"","footnotes":"","_links_to":"","_links_to_target":""},"class_list":["post-1396","page","type-page","status-publish","has-post-thumbnail","hentry"],"yoast_head":"<!-- This site is optimized with the Yoast SEO plugin v26.6 - https:\/\/yoast.com\/wordpress\/plugins\/seo\/ -->\n<title>D\u00e9fibrillateur portable DefiMax mobile - EMTEL - kardiomonitory, defibrylatory, profesjonalny serwis producenta<\/title>\n<meta name=\"description\" content=\"Le d\u00e9fibrillateur portable de haute qualit\u00e9 destin\u00e9 aux h\u00f4pitaux et aux \u00e9quipes de secours.Une d\u00e9fibrillation manuelle, mode de cardioversion et module ECG sont disponibles dans chaque d\u00e9fibrillateur. Le mode DAE est une fonctionnalit\u00e9 optionnelle.\" \/>\n<meta name=\"robots\" content=\"index, follow, max-snippet:-1, max-image-preview:large, max-video-preview:-1\" \/>\n<link rel=\"canonical\" href=\"https:\/\/emtel.pl\/index.php\/produits\/defibrillateur-portable-defimax-mobile\/\" \/>\n<meta property=\"og:locale\" content=\"pl_PL\" \/>\n<meta property=\"og:type\" content=\"article\" \/>\n<meta property=\"og:title\" content=\"D\u00e9fibrillateur portable DefiMax mobile - EMTEL - kardiomonitory, defibrylatory, profesjonalny serwis producenta\" \/>\n<meta property=\"og:description\" content=\"Le d\u00e9fibrillateur portable de haute qualit\u00e9 destin\u00e9 aux h\u00f4pitaux et aux \u00e9quipes de secours.Une d\u00e9fibrillation manuelle, mode de cardioversion et module ECG sont disponibles dans chaque d\u00e9fibrillateur. Le mode DAE est une fonctionnalit\u00e9 optionnelle.\" \/>\n<meta property=\"og:url\" content=\"https:\/\/emtel.pl\/index.php\/produits\/defibrillateur-portable-defimax-mobile\/?lang=fr\" \/>\n<meta property=\"og:site_name\" content=\"EMTEL - kardiomonitory, defibrylatory, profesjonalny serwis producenta\" \/>\n<meta property=\"article:modified_time\" content=\"2020-12-01T11:26:45+00:00\" \/>\n<meta property=\"og:image\" content=\"https:\/\/emtel.pl\/wp-content\/uploads\/2019\/08\/DefiMax-mobile-1.jpg\" \/>\n\t<meta property=\"og:image:width\" content=\"1200\" \/>\n\t<meta property=\"og:image:height\" content=\"834\" \/>\n\t<meta property=\"og:image:type\" content=\"image\/jpeg\" \/>\n<meta name=\"twitter:card\" content=\"summary_large_image\" \/>\n<meta name=\"twitter:label1\" content=\"Szacowany czas czytania\" \/>\n\t<meta name=\"twitter:data1\" content=\"2 minuty\" \/>\n<script type=\"application\/ld+json\" class=\"yoast-schema-graph\">{\"@context\":\"https:\/\/schema.org\",\"@graph\":[{\"@type\":\"WebPage\",\"@id\":\"https:\/\/emtel.pl\/index.php\/produits\/defibrillateur-portable-defimax-mobile\/?lang=fr\",\"url\":\"https:\/\/emtel.pl\/index.php\/produits\/defibrillateur-portable-defimax-mobile\/?lang=fr\",\"name\":\"D\u00e9fibrillateur portable DefiMax mobile - EMTEL - kardiomonitory, defibrylatory, profesjonalny serwis producenta\",\"isPartOf\":{\"@id\":\"https:\/\/emtel.pl\/#website\"},\"primaryImageOfPage\":{\"@id\":\"https:\/\/emtel.pl\/index.php\/produits\/defibrillateur-portable-defimax-mobile\/?lang=fr#primaryimage\"},\"image\":{\"@id\":\"https:\/\/emtel.pl\/index.php\/produits\/defibrillateur-portable-defimax-mobile\/?lang=fr#primaryimage\"},\"thumbnailUrl\":\"https:\/\/emtel.pl\/wp-content\/uploads\/2019\/08\/DefiMax-mobile-1.jpg\",\"datePublished\":\"2019-07-22T20:40:31+00:00\",\"dateModified\":\"2020-12-01T11:26:45+00:00\",\"description\":\"Le d\u00e9fibrillateur portable de haute qualit\u00e9 destin\u00e9 aux h\u00f4pitaux et aux \u00e9quipes de secours.Une d\u00e9fibrillation manuelle, mode de cardioversion et module ECG sont disponibles dans chaque d\u00e9fibrillateur. Le mode DAE est une fonctionnalit\u00e9 optionnelle.\",\"breadcrumb\":{\"@id\":\"https:\/\/emtel.pl\/index.php\/produits\/defibrillateur-portable-defimax-mobile\/?lang=fr#breadcrumb\"},\"inLanguage\":\"pl-PL\",\"potentialAction\":[{\"@type\":\"ReadAction\",\"target\":[\"https:\/\/emtel.pl\/index.php\/produits\/defibrillateur-portable-defimax-mobile\/?lang=fr\"]}]},{\"@type\":\"ImageObject\",\"inLanguage\":\"pl-PL\",\"@id\":\"https:\/\/emtel.pl\/index.php\/produits\/defibrillateur-portable-defimax-mobile\/?lang=fr#primaryimage\",\"url\":\"https:\/\/emtel.pl\/wp-content\/uploads\/2019\/08\/DefiMax-mobile-1.jpg\",\"contentUrl\":\"https:\/\/emtel.pl\/wp-content\/uploads\/2019\/08\/DefiMax-mobile-1.jpg\",\"width\":1200,\"height\":834,\"caption\":\"DefiMax mobile\"},{\"@type\":\"BreadcrumbList\",\"@id\":\"https:\/\/emtel.pl\/index.php\/produits\/defibrillateur-portable-defimax-mobile\/?lang=fr#breadcrumb\",\"itemListElement\":[{\"@type\":\"ListItem\",\"position\":1,\"name\":\"Strona g\u0142\u00f3wna\",\"item\":\"https:\/\/emtel.pl\/\"},{\"@type\":\"ListItem\",\"position\":2,\"name\":\"Produits\",\"item\":\"https:\/\/emtel.pl\/index.php\/produits\/\"},{\"@type\":\"ListItem\",\"position\":3,\"name\":\"D\u00e9fibrillateur portable DefiMax mobile\"}]},{\"@type\":\"WebSite\",\"@id\":\"https:\/\/emtel.pl\/#website\",\"url\":\"https:\/\/emtel.pl\/\",\"name\":\"EMTEL - kardiomonitory, defibrylatory, profesjonalny serwis producenta\",\"description\":\"Technologia od serca\",\"potentialAction\":[{\"@type\":\"SearchAction\",\"target\":{\"@type\":\"EntryPoint\",\"urlTemplate\":\"https:\/\/emtel.pl\/?s={search_term_string}\"},\"query-input\":{\"@type\":\"PropertyValueSpecification\",\"valueRequired\":true,\"valueName\":\"search_term_string\"}}],\"inLanguage\":\"pl-PL\"}]}<\/script>\n<!-- \/ Yoast SEO plugin. -->","yoast_head_json":{"title":"D\u00e9fibrillateur portable DefiMax mobile - EMTEL - kardiomonitory, defibrylatory, profesjonalny serwis producenta","description":"Le d\u00e9fibrillateur portable de haute qualit\u00e9 destin\u00e9 aux h\u00f4pitaux et aux \u00e9quipes de secours.Une d\u00e9fibrillation manuelle, mode de cardioversion et module ECG sont disponibles dans chaque d\u00e9fibrillateur. Le mode DAE est une fonctionnalit\u00e9 optionnelle.","robots":{"index":"index","follow":"follow","max-snippet":"max-snippet:-1","max-image-preview":"max-image-preview:large","max-video-preview":"max-video-preview:-1"},"canonical":"https:\/\/emtel.pl\/index.php\/produits\/defibrillateur-portable-defimax-mobile\/","og_locale":"pl_PL","og_type":"article","og_title":"D\u00e9fibrillateur portable DefiMax mobile - EMTEL - kardiomonitory, defibrylatory, profesjonalny serwis producenta","og_description":"Le d\u00e9fibrillateur portable de haute qualit\u00e9 destin\u00e9 aux h\u00f4pitaux et aux \u00e9quipes de secours.Une d\u00e9fibrillation manuelle, mode de cardioversion et module ECG sont disponibles dans chaque d\u00e9fibrillateur. Le mode DAE est une fonctionnalit\u00e9 optionnelle.","og_url":"https:\/\/emtel.pl\/index.php\/produits\/defibrillateur-portable-defimax-mobile\/?lang=fr","og_site_name":"EMTEL - kardiomonitory, defibrylatory, profesjonalny serwis producenta","article_modified_time":"2020-12-01T11:26:45+00:00","og_image":[{"width":1200,"height":834,"url":"https:\/\/emtel.pl\/wp-content\/uploads\/2019\/08\/DefiMax-mobile-1.jpg","type":"image\/jpeg"}],"twitter_card":"summary_large_image","twitter_misc":{"Szacowany czas czytania":"2 minuty"},"schema":{"@context":"https:\/\/schema.org","@graph":[{"@type":"WebPage","@id":"https:\/\/emtel.pl\/index.php\/produits\/defibrillateur-portable-defimax-mobile\/?lang=fr","url":"https:\/\/emtel.pl\/index.php\/produits\/defibrillateur-portable-defimax-mobile\/?lang=fr","name":"D\u00e9fibrillateur portable DefiMax mobile - EMTEL - kardiomonitory, defibrylatory, profesjonalny serwis producenta","isPartOf":{"@id":"https:\/\/emtel.pl\/#website"},"primaryImageOfPage":{"@id":"https:\/\/emtel.pl\/index.php\/produits\/defibrillateur-portable-defimax-mobile\/?lang=fr#primaryimage"},"image":{"@id":"https:\/\/emtel.pl\/index.php\/produits\/defibrillateur-portable-defimax-mobile\/?lang=fr#primaryimage"},"thumbnailUrl":"https:\/\/emtel.pl\/wp-content\/uploads\/2019\/08\/DefiMax-mobile-1.jpg","datePublished":"2019-07-22T20:40:31+00:00","dateModified":"2020-12-01T11:26:45+00:00","description":"Le d\u00e9fibrillateur portable de haute qualit\u00e9 destin\u00e9 aux h\u00f4pitaux et aux \u00e9quipes de secours.Une d\u00e9fibrillation manuelle, mode de cardioversion et module ECG sont disponibles dans chaque d\u00e9fibrillateur. Le mode DAE est une fonctionnalit\u00e9 optionnelle.","breadcrumb":{"@id":"https:\/\/emtel.pl\/index.php\/produits\/defibrillateur-portable-defimax-mobile\/?lang=fr#breadcrumb"},"inLanguage":"pl-PL","potentialAction":[{"@type":"ReadAction","target":["https:\/\/emtel.pl\/index.php\/produits\/defibrillateur-portable-defimax-mobile\/?lang=fr"]}]},{"@type":"ImageObject","inLanguage":"pl-PL","@id":"https:\/\/emtel.pl\/index.php\/produits\/defibrillateur-portable-defimax-mobile\/?lang=fr#primaryimage","url":"https:\/\/emtel.pl\/wp-content\/uploads\/2019\/08\/DefiMax-mobile-1.jpg","contentUrl":"https:\/\/emtel.pl\/wp-content\/uploads\/2019\/08\/DefiMax-mobile-1.jpg","width":1200,"height":834,"caption":"DefiMax mobile"},{"@type":"BreadcrumbList","@id":"https:\/\/emtel.pl\/index.php\/produits\/defibrillateur-portable-defimax-mobile\/?lang=fr#breadcrumb","itemListElement":[{"@type":"ListItem","position":1,"name":"Strona g\u0142\u00f3wna","item":"https:\/\/emtel.pl\/"},{"@type":"ListItem","position":2,"name":"Produits","item":"https:\/\/emtel.pl\/index.php\/produits\/"},{"@type":"ListItem","position":3,"name":"D\u00e9fibrillateur portable DefiMax mobile"}]},{"@type":"WebSite","@id":"https:\/\/emtel.pl\/#website","url":"https:\/\/emtel.pl\/","name":"EMTEL - kardiomonitory, defibrylatory, profesjonalny serwis producenta","description":"Technologia od serca","potentialAction":[{"@type":"SearchAction","target":{"@type":"EntryPoint","urlTemplate":"https:\/\/emtel.pl\/?s={search_term_string}"},"query-input":{"@type":"PropertyValueSpecification","valueRequired":true,"valueName":"search_term_string"}}],"inLanguage":"pl-PL"}]}},"_links":{"self":[{"href":"https:\/\/emtel.pl\/index.php\/wp-json\/wp\/v2\/pages\/1396","targetHints":{"allow":["GET"]}}],"collection":[{"href":"https:\/\/emtel.pl\/index.php\/wp-json\/wp\/v2\/pages"}],"about":[{"href":"https:\/\/emtel.pl\/index.php\/wp-json\/wp\/v2\/types\/page"}],"author":[{"embeddable":true,"href":"https:\/\/emtel.pl\/index.php\/wp-json\/wp\/v2\/users\/1"}],"replies":[{"embeddable":true,"href":"https:\/\/emtel.pl\/index.php\/wp-json\/wp\/v2\/comments?post=1396"}],"version-history":[{"count":14,"href":"https:\/\/emtel.pl\/index.php\/wp-json\/wp\/v2\/pages\/1396\/revisions"}],"predecessor-version":[{"id":2147,"href":"https:\/\/emtel.pl\/index.php\/wp-json\/wp\/v2\/pages\/1396\/revisions\/2147"}],"up":[{"embeddable":true,"href":"https:\/\/emtel.pl\/index.php\/wp-json\/wp\/v2\/pages\/855"}],"wp:featuredmedia":[{"embeddable":true,"href":"https:\/\/emtel.pl\/index.php\/wp-json\/wp\/v2\/media\/1817"}],"wp:attachment":[{"href":"https:\/\/emtel.pl\/index.php\/wp-json\/wp\/v2\/media?parent=1396"}],"curies":[{"name":"wp","href":"https:\/\/api.w.org\/{rel}","templated":true}]}}