{"id":144,"date":"2019-03-27T21:15:54","date_gmt":"2019-03-27T20:15:54","guid":{"rendered":"http:\/\/emtel.pl\/?page_id=144"},"modified":"2019-10-22T15:44:31","modified_gmt":"2019-10-22T13:44:31","slug":"chirurgia-jednego-dnia","status":"publish","type":"page","link":"https:\/\/emtel.pl\/index.php\/rozwiazania\/chirurgia-jednego-dnia\/","title":{"rendered":"Chirurgia jednego dnia"},"content":{"rendered":"<section class=\"l-section wpb_row height_small\"><div class=\"l-section-h i-cf\"><div class=\"g-cols vc_row via_flex valign_top type_default stacking_default\"><div class=\"vc_col-sm-12 wpb_column vc_column_container\"><div class=\"vc_column-inner\"><div class=\"wpb_wrapper\"><div class=\"wpb_text_column\"><div class=\"wpb_wrapper\"><p>Typowym i najcz\u0119\u015bciej wybieranym rozwi\u0105zaniem na potrzeby plac\u00f3wek chirurgii jednego dnia s\u0105 kardiomonitory kompaktowe serii <a href=\"http:\/\/emtel.pl\/index.php\/produkty\/kardiomonitor-kompaktowy-fx-3000\/\">FX 3000<\/a> o przek\u0105tnej ekranu 19&#8243; lub 17&#8243;. Opr\u00f3cz podstawowych parametr\u00f3w monitorowania (EKG, oddechu, saturacji oraz ci\u015bnienia t\u0119tniczego), kardiomonitory zapewniaj\u0105 r\u00f3wnie\u017c monitorowanie:<\/p>\n<ul>\n<li>zawarto\u015bci dwutlenku w\u0119gla w powietrzu wydychanym (etCO<sub>2<\/sub>) pacjenta,<\/li>\n<li>temperatury cia\u0142a,<\/li>\n<li>ci\u015bnienia mierzonego metod\u0105 inwazyjn\u0105 (IBP).<\/li>\n<\/ul>\n<p>Dodatkowo, plac\u00f3wki wyposa\u017cane s\u0105 w defibrylatory dwufazowe <a href=\"http:\/\/emtel.pl\/index.php\/produkty\/defibrylator-defimax-biphasic-z-monitorem\/\">DefiMax biphasic<\/a> z opcj\u0105 kardiowersji oraz defibrylacj\u0105 p\u00f3\u0142automatyczn\u0105 (AED) nast\u0119puj\u0105c\u0105 po wykryciu rytmu VF\/VT.\u00a0 Defibrylatory Emtel, z uwagi na swoje mo\u017cliwo\u015bci ci\u0105g\u0142ego monitorowania EKG, saturacji oraz ci\u015bnienia t\u0119tniczego s\u0105 niejednokrotnie wykorzystywane jako aparatura monitoruj\u0105ca.<\/p>\n<\/div><\/div><\/div><\/div><\/div><\/div><\/div><\/section>\n","protected":false},"excerpt":{"rendered":"Typowym i najcz\u0119\u015bciej wybieranym rozwi\u0105zaniem na potrzeby plac\u00f3wek chirurgii jednego dnia s\u0105 kardiomonitory kompaktowe serii FX 3000 o przek\u0105tnej ekranu 19&#8243; lub 17&#8243;. Opr\u00f3cz podstawowych parametr\u00f3w monitorowania (EKG, oddechu, saturacji oraz ci\u015bnienia t\u0119tniczego), kardiomonitory zapewniaj\u0105 r\u00f3wnie\u017c monitorowanie: zawarto\u015bci dwutlenku w\u0119gla w powietrzu wydychanym (etCO2) pacjenta, temperatury cia\u0142a, ci\u015bnienia mierzonego metod\u0105 inwazyjn\u0105 (IBP). Dodatkowo, plac\u00f3wki wyposa\u017cane...","protected":false},"author":1,"featured_media":0,"parent":11,"menu_order":3,"comment_status":"closed","ping_status":"closed","template":"","meta":{"_jet_sm_ready_style":"","_jet_sm_style":"","_jet_sm_controls_values":"","_jet_sm_fonts_collection":"","_jet_sm_fonts_links":"","footnotes":"","_links_to":"","_links_to_target":""},"class_list":["post-144","page","type-page","status-publish","hentry"],"yoast_head":"<!-- This site is optimized with the Yoast SEO plugin v26.6 - https:\/\/yoast.com\/wordpress\/plugins\/seo\/ -->\n<title>Chirurgia jednego dnia - EMTEL - kardiomonitory, defibrylatory, profesjonalny serwis producenta<\/title>\n<meta name=\"description\" content=\"Typowym i najcz\u0119\u015bciej wybieranym rozwi\u0105zaniem na potrzeby plac\u00f3wek chirurgii jednego dnia s\u0105 kardiomonitory kompaktowe serii FX 3000 o przek\u0105tnej ekranu 19&quot; lub 17&quot;.\" \/>\n<meta name=\"robots\" content=\"index, follow, max-snippet:-1, max-image-preview:large, max-video-preview:-1\" \/>\n<link rel=\"canonical\" href=\"https:\/\/emtel.pl\/index.php\/rozwiazania\/chirurgia-jednego-dnia\/\" \/>\n<meta property=\"og:locale\" content=\"pl_PL\" \/>\n<meta property=\"og:type\" content=\"article\" \/>\n<meta property=\"og:title\" content=\"Chirurgia jednego dnia - EMTEL - kardiomonitory, defibrylatory, profesjonalny serwis producenta\" \/>\n<meta property=\"og:description\" content=\"Typowym i najcz\u0119\u015bciej wybieranym rozwi\u0105zaniem na potrzeby plac\u00f3wek chirurgii jednego dnia s\u0105 kardiomonitory kompaktowe serii FX 3000 o przek\u0105tnej ekranu 19&quot; lub 17&quot;.\" \/>\n<meta property=\"og:url\" content=\"https:\/\/emtel.pl\/index.php\/rozwiazania\/chirurgia-jednego-dnia\/\" \/>\n<meta property=\"og:site_name\" content=\"EMTEL - kardiomonitory, defibrylatory, profesjonalny serwis producenta\" \/>\n<meta property=\"article:modified_time\" content=\"2019-10-22T13:44:31+00:00\" \/>\n<meta name=\"twitter:card\" content=\"summary_large_image\" \/>\n<meta name=\"twitter:label1\" content=\"Szacowany czas czytania\" \/>\n\t<meta name=\"twitter:data1\" content=\"1 minuta\" \/>\n<script type=\"application\/ld+json\" class=\"yoast-schema-graph\">{\"@context\":\"https:\/\/schema.org\",\"@graph\":[{\"@type\":\"WebPage\",\"@id\":\"https:\/\/emtel.pl\/index.php\/rozwiazania\/chirurgia-jednego-dnia\/\",\"url\":\"https:\/\/emtel.pl\/index.php\/rozwiazania\/chirurgia-jednego-dnia\/\",\"name\":\"Chirurgia jednego dnia - EMTEL - kardiomonitory, defibrylatory, profesjonalny serwis producenta\",\"isPartOf\":{\"@id\":\"https:\/\/emtel.pl\/#website\"},\"datePublished\":\"2019-03-27T20:15:54+00:00\",\"dateModified\":\"2019-10-22T13:44:31+00:00\",\"description\":\"Typowym i najcz\u0119\u015bciej wybieranym rozwi\u0105zaniem na potrzeby plac\u00f3wek chirurgii jednego dnia s\u0105 kardiomonitory kompaktowe serii FX 3000 o przek\u0105tnej ekranu 19\\\" lub 17\\\".\",\"breadcrumb\":{\"@id\":\"https:\/\/emtel.pl\/index.php\/rozwiazania\/chirurgia-jednego-dnia\/#breadcrumb\"},\"inLanguage\":\"pl-PL\",\"potentialAction\":[{\"@type\":\"ReadAction\",\"target\":[\"https:\/\/emtel.pl\/index.php\/rozwiazania\/chirurgia-jednego-dnia\/\"]}]},{\"@type\":\"BreadcrumbList\",\"@id\":\"https:\/\/emtel.pl\/index.php\/rozwiazania\/chirurgia-jednego-dnia\/#breadcrumb\",\"itemListElement\":[{\"@type\":\"ListItem\",\"position\":1,\"name\":\"Strona g\u0142\u00f3wna\",\"item\":\"https:\/\/emtel.pl\/\"},{\"@type\":\"ListItem\",\"position\":2,\"name\":\"Rozwi\u0105zania\",\"item\":\"https:\/\/emtel.pl\/index.php\/rozwiazania\/\"},{\"@type\":\"ListItem\",\"position\":3,\"name\":\"Chirurgia jednego dnia\"}]},{\"@type\":\"WebSite\",\"@id\":\"https:\/\/emtel.pl\/#website\",\"url\":\"https:\/\/emtel.pl\/\",\"name\":\"EMTEL - kardiomonitory, defibrylatory, profesjonalny serwis producenta\",\"description\":\"Technologia od serca\",\"potentialAction\":[{\"@type\":\"SearchAction\",\"target\":{\"@type\":\"EntryPoint\",\"urlTemplate\":\"https:\/\/emtel.pl\/?s={search_term_string}\"},\"query-input\":{\"@type\":\"PropertyValueSpecification\",\"valueRequired\":true,\"valueName\":\"search_term_string\"}}],\"inLanguage\":\"pl-PL\"}]}<\/script>\n<!-- \/ Yoast SEO plugin. -->","yoast_head_json":{"title":"Chirurgia jednego dnia - EMTEL - kardiomonitory, defibrylatory, profesjonalny serwis producenta","description":"Typowym i najcz\u0119\u015bciej wybieranym rozwi\u0105zaniem na potrzeby plac\u00f3wek chirurgii jednego dnia s\u0105 kardiomonitory kompaktowe serii FX 3000 o przek\u0105tnej ekranu 19\" lub 17\".","robots":{"index":"index","follow":"follow","max-snippet":"max-snippet:-1","max-image-preview":"max-image-preview:large","max-video-preview":"max-video-preview:-1"},"canonical":"https:\/\/emtel.pl\/index.php\/rozwiazania\/chirurgia-jednego-dnia\/","og_locale":"pl_PL","og_type":"article","og_title":"Chirurgia jednego dnia - EMTEL - kardiomonitory, defibrylatory, profesjonalny serwis producenta","og_description":"Typowym i najcz\u0119\u015bciej wybieranym rozwi\u0105zaniem na potrzeby plac\u00f3wek chirurgii jednego dnia s\u0105 kardiomonitory kompaktowe serii FX 3000 o przek\u0105tnej ekranu 19\" lub 17\".","og_url":"https:\/\/emtel.pl\/index.php\/rozwiazania\/chirurgia-jednego-dnia\/","og_site_name":"EMTEL - kardiomonitory, defibrylatory, profesjonalny serwis producenta","article_modified_time":"2019-10-22T13:44:31+00:00","twitter_card":"summary_large_image","twitter_misc":{"Szacowany czas czytania":"1 minuta"},"schema":{"@context":"https:\/\/schema.org","@graph":[{"@type":"WebPage","@id":"https:\/\/emtel.pl\/index.php\/rozwiazania\/chirurgia-jednego-dnia\/","url":"https:\/\/emtel.pl\/index.php\/rozwiazania\/chirurgia-jednego-dnia\/","name":"Chirurgia jednego dnia - EMTEL - kardiomonitory, defibrylatory, profesjonalny serwis producenta","isPartOf":{"@id":"https:\/\/emtel.pl\/#website"},"datePublished":"2019-03-27T20:15:54+00:00","dateModified":"2019-10-22T13:44:31+00:00","description":"Typowym i najcz\u0119\u015bciej wybieranym rozwi\u0105zaniem na potrzeby plac\u00f3wek chirurgii jednego dnia s\u0105 kardiomonitory kompaktowe serii FX 3000 o przek\u0105tnej ekranu 19\" lub 17\".","breadcrumb":{"@id":"https:\/\/emtel.pl\/index.php\/rozwiazania\/chirurgia-jednego-dnia\/#breadcrumb"},"inLanguage":"pl-PL","potentialAction":[{"@type":"ReadAction","target":["https:\/\/emtel.pl\/index.php\/rozwiazania\/chirurgia-jednego-dnia\/"]}]},{"@type":"BreadcrumbList","@id":"https:\/\/emtel.pl\/index.php\/rozwiazania\/chirurgia-jednego-dnia\/#breadcrumb","itemListElement":[{"@type":"ListItem","position":1,"name":"Strona g\u0142\u00f3wna","item":"https:\/\/emtel.pl\/"},{"@type":"ListItem","position":2,"name":"Rozwi\u0105zania","item":"https:\/\/emtel.pl\/index.php\/rozwiazania\/"},{"@type":"ListItem","position":3,"name":"Chirurgia jednego dnia"}]},{"@type":"WebSite","@id":"https:\/\/emtel.pl\/#website","url":"https:\/\/emtel.pl\/","name":"EMTEL - kardiomonitory, defibrylatory, profesjonalny serwis producenta","description":"Technologia od serca","potentialAction":[{"@type":"SearchAction","target":{"@type":"EntryPoint","urlTemplate":"https:\/\/emtel.pl\/?s={search_term_string}"},"query-input":{"@type":"PropertyValueSpecification","valueRequired":true,"valueName":"search_term_string"}}],"inLanguage":"pl-PL"}]}},"_links":{"self":[{"href":"https:\/\/emtel.pl\/index.php\/wp-json\/wp\/v2\/pages\/144","targetHints":{"allow":["GET"]}}],"collection":[{"href":"https:\/\/emtel.pl\/index.php\/wp-json\/wp\/v2\/pages"}],"about":[{"href":"https:\/\/emtel.pl\/index.php\/wp-json\/wp\/v2\/types\/page"}],"author":[{"embeddable":true,"href":"https:\/\/emtel.pl\/index.php\/wp-json\/wp\/v2\/users\/1"}],"replies":[{"embeddable":true,"href":"https:\/\/emtel.pl\/index.php\/wp-json\/wp\/v2\/comments?post=144"}],"version-history":[{"count":17,"href":"https:\/\/emtel.pl\/index.php\/wp-json\/wp\/v2\/pages\/144\/revisions"}],"predecessor-version":[{"id":1963,"href":"https:\/\/emtel.pl\/index.php\/wp-json\/wp\/v2\/pages\/144\/revisions\/1963"}],"up":[{"embeddable":true,"href":"https:\/\/emtel.pl\/index.php\/wp-json\/wp\/v2\/pages\/11"}],"wp:attachment":[{"href":"https:\/\/emtel.pl\/index.php\/wp-json\/wp\/v2\/media?parent=144"}],"curies":[{"name":"wp","href":"https:\/\/api.w.org\/{rel}","templated":true}]}}