{"id":152,"date":"2019-03-27T21:18:07","date_gmt":"2019-03-27T20:18:07","guid":{"rendered":"http:\/\/emtel.pl\/?page_id=152"},"modified":"2019-10-22T15:49:54","modified_gmt":"2019-10-22T13:49:54","slug":"szpitalny-oddzial-ratownictwa-sor","status":"publish","type":"page","link":"https:\/\/emtel.pl\/index.php\/rozwiazania\/szpitalny-oddzial-ratownictwa-sor\/","title":{"rendered":"Szpitalny Oddzia\u0142 Ratownictwa (SOR)"},"content":{"rendered":"<section class=\"l-section wpb_row height_small\"><div class=\"l-section-h i-cf\"><div class=\"g-cols vc_row via_flex valign_top type_default stacking_default\"><div class=\"vc_col-sm-12 wpb_column vc_column_container\"><div class=\"vc_column-inner\"><div class=\"wpb_wrapper\"><div class=\"wpb_text_column\"><div class=\"wpb_wrapper\"><p>Typowym i najcz\u0119\u015bciej wybieranym rozwi\u0105zaniem na potrzeby Szpitalnych Oddzia\u0142\u00f3w Ratunkowych (SOR) s\u0105 kardiomonitory kompaktowe serii <a href=\"http:\/\/emtel.pl\/index.php\/produkty\/kardiomonitor-kompaktowy-fx-3000\/\">FX 3000<\/a> o przek\u0105tnej ekranu 19&#8243; wraz ze stojakiem jezdnym umo\u017cliwiaj\u0105cym szybki i \u0142atwy transport kardiomonitora.\u00a0 Opr\u00f3cz podstawowych parametr\u00f3w monitorowania (EKG, oddechu, saturacji oraz ci\u015bnienia t\u0119tniczego), kardiomonitory zapewniaj\u0105 r\u00f3wnie\u017c monitorowanie i nadz\u00f3r:<\/p>\n<ul>\n<li>zawarto\u015bci dwutlenku w\u0119gla w powietrzu wydychanym (etCO<sub>2<\/sub>) pacjenta,<\/li>\n<li>temperatury mierzonej w dowolnym punkcie pomiarowym.<\/li>\n<\/ul>\n<p>Szczeg\u00f3lnie wa\u017cnym elementem wyposa\u017cenia SOR-u jest defibrylator dwufazowy <a href=\"http:\/\/emtel.pl\/index.php\/produkty\/defibrylator-defimax-biphasic-z-monitorem\/\">DefiMax biphasic<\/a> pracuj\u0105cy w trybach:<\/p>\n<ul>\n<li>r\u0119cznym warto\u015b\u0107 energii u\u017cywana do defibrylacji dobierana jest przez u\u017cytkownika,<\/li>\n<li>p\u00f3\u0142automatycznym (AED) defibrylacja nast\u0119puje po wykryciu rytmu VF\/VT.<\/li>\n<\/ul>\n<p>Ponadto defibrylator posiada opcj\u0119 kardiowersji (defibrylacji synchronicznej) oraz stymulatora pracuj\u0105cego w trybie asynchronicznym (sztywnym) lub synchronicznym (na \u017c\u0105danie).\u00a0W wersji rozbudowanej <a href=\"http:\/\/emtel.pl\/index.php\/produkty\/defibrylator-defimax-biphasic-z-monitorem\/\">DefiMax biphasic<\/a> posiada tak\u017ce mo\u017cliwo\u015b\u0107 monitorowania saturacji krwi (SpO2) oraz ci\u015bnienia t\u0119tniczego (NIBP).<\/p>\n<\/div><\/div><\/div><\/div><\/div><\/div><\/div><\/section>\n","protected":false},"excerpt":{"rendered":"Typowym i najcz\u0119\u015bciej wybieranym rozwi\u0105zaniem na potrzeby Szpitalnych Oddzia\u0142\u00f3w Ratunkowych (SOR) s\u0105 kardiomonitory kompaktowe serii FX 3000 o przek\u0105tnej ekranu 19&#8243; wraz ze stojakiem jezdnym umo\u017cliwiaj\u0105cym szybki i \u0142atwy transport kardiomonitora.\u00a0 Opr\u00f3cz podstawowych parametr\u00f3w monitorowania (EKG, oddechu, saturacji oraz ci\u015bnienia t\u0119tniczego), kardiomonitory zapewniaj\u0105 r\u00f3wnie\u017c monitorowanie i nadz\u00f3r: zawarto\u015bci dwutlenku w\u0119gla w powietrzu wydychanym (etCO2) pacjenta,...","protected":false},"author":1,"featured_media":0,"parent":11,"menu_order":7,"comment_status":"closed","ping_status":"closed","template":"","meta":{"_jet_sm_ready_style":"","_jet_sm_style":"","_jet_sm_controls_values":"","_jet_sm_fonts_collection":"","_jet_sm_fonts_links":"","footnotes":"","_links_to":"","_links_to_target":""},"class_list":["post-152","page","type-page","status-publish","hentry"],"yoast_head":"<!-- This site is optimized with the Yoast SEO plugin v26.6 - https:\/\/yoast.com\/wordpress\/plugins\/seo\/ -->\n<title>Szpitalny Oddzia\u0142 Ratownictwa (SOR) - EMTEL - kardiomonitory, defibrylatory, profesjonalny serwis producenta<\/title>\n<meta name=\"robots\" content=\"index, follow, max-snippet:-1, max-image-preview:large, max-video-preview:-1\" \/>\n<link rel=\"canonical\" href=\"https:\/\/emtel.pl\/index.php\/rozwiazania\/szpitalny-oddzial-ratownictwa-sor\/\" \/>\n<meta property=\"og:locale\" content=\"pl_PL\" \/>\n<meta property=\"og:type\" content=\"article\" \/>\n<meta property=\"og:title\" content=\"Szpitalny Oddzia\u0142 Ratownictwa (SOR) - EMTEL - kardiomonitory, defibrylatory, profesjonalny serwis producenta\" \/>\n<meta property=\"og:url\" content=\"https:\/\/emtel.pl\/index.php\/rozwiazania\/szpitalny-oddzial-ratownictwa-sor\/\" \/>\n<meta property=\"og:site_name\" content=\"EMTEL - kardiomonitory, defibrylatory, profesjonalny serwis producenta\" \/>\n<meta property=\"article:modified_time\" content=\"2019-10-22T13:49:54+00:00\" \/>\n<meta name=\"twitter:card\" content=\"summary_large_image\" \/>\n<meta name=\"twitter:label1\" content=\"Szacowany czas czytania\" \/>\n\t<meta name=\"twitter:data1\" content=\"1 minuta\" \/>\n<script type=\"application\/ld+json\" class=\"yoast-schema-graph\">{\"@context\":\"https:\/\/schema.org\",\"@graph\":[{\"@type\":\"WebPage\",\"@id\":\"https:\/\/emtel.pl\/index.php\/rozwiazania\/szpitalny-oddzial-ratownictwa-sor\/\",\"url\":\"https:\/\/emtel.pl\/index.php\/rozwiazania\/szpitalny-oddzial-ratownictwa-sor\/\",\"name\":\"Szpitalny Oddzia\u0142 Ratownictwa (SOR) - EMTEL - kardiomonitory, defibrylatory, profesjonalny serwis producenta\",\"isPartOf\":{\"@id\":\"https:\/\/emtel.pl\/#website\"},\"datePublished\":\"2019-03-27T20:18:07+00:00\",\"dateModified\":\"2019-10-22T13:49:54+00:00\",\"breadcrumb\":{\"@id\":\"https:\/\/emtel.pl\/index.php\/rozwiazania\/szpitalny-oddzial-ratownictwa-sor\/#breadcrumb\"},\"inLanguage\":\"pl-PL\",\"potentialAction\":[{\"@type\":\"ReadAction\",\"target\":[\"https:\/\/emtel.pl\/index.php\/rozwiazania\/szpitalny-oddzial-ratownictwa-sor\/\"]}]},{\"@type\":\"BreadcrumbList\",\"@id\":\"https:\/\/emtel.pl\/index.php\/rozwiazania\/szpitalny-oddzial-ratownictwa-sor\/#breadcrumb\",\"itemListElement\":[{\"@type\":\"ListItem\",\"position\":1,\"name\":\"Strona g\u0142\u00f3wna\",\"item\":\"https:\/\/emtel.pl\/\"},{\"@type\":\"ListItem\",\"position\":2,\"name\":\"Rozwi\u0105zania\",\"item\":\"https:\/\/emtel.pl\/index.php\/rozwiazania\/\"},{\"@type\":\"ListItem\",\"position\":3,\"name\":\"Szpitalny Oddzia\u0142 Ratownictwa (SOR)\"}]},{\"@type\":\"WebSite\",\"@id\":\"https:\/\/emtel.pl\/#website\",\"url\":\"https:\/\/emtel.pl\/\",\"name\":\"EMTEL - kardiomonitory, defibrylatory, profesjonalny serwis producenta\",\"description\":\"Technologia od serca\",\"potentialAction\":[{\"@type\":\"SearchAction\",\"target\":{\"@type\":\"EntryPoint\",\"urlTemplate\":\"https:\/\/emtel.pl\/?s={search_term_string}\"},\"query-input\":{\"@type\":\"PropertyValueSpecification\",\"valueRequired\":true,\"valueName\":\"search_term_string\"}}],\"inLanguage\":\"pl-PL\"}]}<\/script>\n<!-- \/ Yoast SEO plugin. -->","yoast_head_json":{"title":"Szpitalny Oddzia\u0142 Ratownictwa (SOR) - EMTEL - kardiomonitory, defibrylatory, profesjonalny serwis producenta","robots":{"index":"index","follow":"follow","max-snippet":"max-snippet:-1","max-image-preview":"max-image-preview:large","max-video-preview":"max-video-preview:-1"},"canonical":"https:\/\/emtel.pl\/index.php\/rozwiazania\/szpitalny-oddzial-ratownictwa-sor\/","og_locale":"pl_PL","og_type":"article","og_title":"Szpitalny Oddzia\u0142 Ratownictwa (SOR) - EMTEL - kardiomonitory, defibrylatory, profesjonalny serwis producenta","og_url":"https:\/\/emtel.pl\/index.php\/rozwiazania\/szpitalny-oddzial-ratownictwa-sor\/","og_site_name":"EMTEL - kardiomonitory, defibrylatory, profesjonalny serwis producenta","article_modified_time":"2019-10-22T13:49:54+00:00","twitter_card":"summary_large_image","twitter_misc":{"Szacowany czas czytania":"1 minuta"},"schema":{"@context":"https:\/\/schema.org","@graph":[{"@type":"WebPage","@id":"https:\/\/emtel.pl\/index.php\/rozwiazania\/szpitalny-oddzial-ratownictwa-sor\/","url":"https:\/\/emtel.pl\/index.php\/rozwiazania\/szpitalny-oddzial-ratownictwa-sor\/","name":"Szpitalny Oddzia\u0142 Ratownictwa (SOR) - EMTEL - kardiomonitory, defibrylatory, profesjonalny serwis producenta","isPartOf":{"@id":"https:\/\/emtel.pl\/#website"},"datePublished":"2019-03-27T20:18:07+00:00","dateModified":"2019-10-22T13:49:54+00:00","breadcrumb":{"@id":"https:\/\/emtel.pl\/index.php\/rozwiazania\/szpitalny-oddzial-ratownictwa-sor\/#breadcrumb"},"inLanguage":"pl-PL","potentialAction":[{"@type":"ReadAction","target":["https:\/\/emtel.pl\/index.php\/rozwiazania\/szpitalny-oddzial-ratownictwa-sor\/"]}]},{"@type":"BreadcrumbList","@id":"https:\/\/emtel.pl\/index.php\/rozwiazania\/szpitalny-oddzial-ratownictwa-sor\/#breadcrumb","itemListElement":[{"@type":"ListItem","position":1,"name":"Strona g\u0142\u00f3wna","item":"https:\/\/emtel.pl\/"},{"@type":"ListItem","position":2,"name":"Rozwi\u0105zania","item":"https:\/\/emtel.pl\/index.php\/rozwiazania\/"},{"@type":"ListItem","position":3,"name":"Szpitalny Oddzia\u0142 Ratownictwa (SOR)"}]},{"@type":"WebSite","@id":"https:\/\/emtel.pl\/#website","url":"https:\/\/emtel.pl\/","name":"EMTEL - kardiomonitory, defibrylatory, profesjonalny serwis producenta","description":"Technologia od serca","potentialAction":[{"@type":"SearchAction","target":{"@type":"EntryPoint","urlTemplate":"https:\/\/emtel.pl\/?s={search_term_string}"},"query-input":{"@type":"PropertyValueSpecification","valueRequired":true,"valueName":"search_term_string"}}],"inLanguage":"pl-PL"}]}},"_links":{"self":[{"href":"https:\/\/emtel.pl\/index.php\/wp-json\/wp\/v2\/pages\/152","targetHints":{"allow":["GET"]}}],"collection":[{"href":"https:\/\/emtel.pl\/index.php\/wp-json\/wp\/v2\/pages"}],"about":[{"href":"https:\/\/emtel.pl\/index.php\/wp-json\/wp\/v2\/types\/page"}],"author":[{"embeddable":true,"href":"https:\/\/emtel.pl\/index.php\/wp-json\/wp\/v2\/users\/1"}],"replies":[{"embeddable":true,"href":"https:\/\/emtel.pl\/index.php\/wp-json\/wp\/v2\/comments?post=152"}],"version-history":[{"count":5,"href":"https:\/\/emtel.pl\/index.php\/wp-json\/wp\/v2\/pages\/152\/revisions"}],"predecessor-version":[{"id":1966,"href":"https:\/\/emtel.pl\/index.php\/wp-json\/wp\/v2\/pages\/152\/revisions\/1966"}],"up":[{"embeddable":true,"href":"https:\/\/emtel.pl\/index.php\/wp-json\/wp\/v2\/pages\/11"}],"wp:attachment":[{"href":"https:\/\/emtel.pl\/index.php\/wp-json\/wp\/v2\/media?parent=152"}],"curies":[{"name":"wp","href":"https:\/\/api.w.org\/{rel}","templated":true}]}}