{"id":165,"date":"2019-03-27T21:21:06","date_gmt":"2019-03-27T20:21:06","guid":{"rendered":"http:\/\/emtel.pl\/?page_id=165"},"modified":"2023-02-20T15:13:18","modified_gmt":"2023-02-20T14:13:18","slug":"klienci","status":"publish","type":"page","link":"https:\/\/emtel.pl\/index.php\/o-firmie\/klienci\/","title":{"rendered":"Klienci"},"content":{"rendered":"<section class=\"l-section wpb_row height_small\"><div class=\"l-section-h i-cf\"><div class=\"g-cols vc_row via_flex valign_top type_default stacking_default\"><div class=\"vc_col-sm-12 wpb_column vc_column_container\"><div class=\"vc_column-inner\"><div class=\"wpb_wrapper\"><div class=\"wpb_text_column\"><div class=\"wpb_wrapper\"><p><strong>Naszymi klientami s\u0105 szpitale kliniczne, wojew\u00f3dzkie i miejskie posiadaj\u0105ce odzia\u0142y OIOM, OIOK, sale operacyjne i pooperacyjne, oddzia\u0142y kardiologii, wewn\u0119trzne, neurologii oraz Pogotowia Ratunkowe.<\/strong><\/p>\n<p>Szczeg\u00f3ln\u0105 rol\u0119 przywi\u0105zujemy do szpitali prywatnych, kt\u00f3re coraz szybciej zdobywaj\u0105 nale\u017cne im miejsce w systemie S\u0142u\u017cby Zdrowia. Wsp\u00f3\u0142pracujemy r\u00f3wnie\u017c z firmami po\u015brednicz\u0105cymi w kraju i za granic\u0105, b\u0119d\u0105cymi generalnymi dostawcami sprz\u0119tu medycznego.<\/p>\n<\/div><\/div><\/div><\/div><\/div><\/div><\/div><\/section><section class=\"l-section wpb_row height_small\"><div class=\"l-section-h i-cf\"><div class=\"g-cols vc_row via_flex valign_top type_default stacking_default\"><div class=\"vc_col-sm-6 wpb_column vc_column_container\"><div class=\"vc_column-inner\"><div class=\"wpb_wrapper\"><div class=\"wpb_text_column us_custom_8d5aa4e2\"><div class=\"wpb_wrapper\"><h2>Emtel na \u015bwiecie<\/h2>\n<\/div><\/div><div class=\"w-image align_center\"><div class=\"w-image-h\"><img decoding=\"async\" width=\"600\" height=\"259\" src=\"https:\/\/emtel.pl\/wp-content\/uploads\/2019\/04\/emtel-na-swiecie.png\" class=\"attachment-full size-full\" alt=\"\" loading=\"lazy\" srcset=\"https:\/\/emtel.pl\/wp-content\/uploads\/2019\/04\/emtel-na-swiecie.png 600w, https:\/\/emtel.pl\/wp-content\/uploads\/2019\/04\/emtel-na-swiecie-300x130.png 300w\" sizes=\"auto, (max-width: 600px) 100vw, 600px\" \/><\/div><\/div><\/div><\/div><\/div><div class=\"vc_col-sm-6 wpb_column vc_column_container\"><div class=\"vc_column-inner\"><div class=\"wpb_wrapper\"><div class=\"wpb_text_column us_custom_8d5aa4e2\"><div class=\"wpb_wrapper\"><h2>Emtel w Polsce<\/h2>\n<\/div><\/div><div class=\"wpb_text_column\"><div class=\"wpb_wrapper\"><p>W ci\u0105gu 30 lat dzia\u0142alno\u015bci firmy uda\u0142o nam si\u0119 zdoby\u0107 zaufanie wielu polskich szpitali i klinik. Nasza aparatura medyczna z powodzeniem wykorzystywana jest w wielu o\u015brodkach na terenie ca\u0142ej Polski.<\/p>\n<\/div><\/div><\/div><\/div><\/div><\/div><\/div><\/section>\n","protected":false},"excerpt":{"rendered":"Naszymi klientami s\u0105 szpitale kliniczne, wojew\u00f3dzkie i miejskie posiadaj\u0105ce odzia\u0142y OIOM, OIOK, sale operacyjne i pooperacyjne, oddzia\u0142y kardiologii, wewn\u0119trzne, neurologii oraz Pogotowia Ratunkowe. Szczeg\u00f3ln\u0105 rol\u0119 przywi\u0105zujemy do szpitali prywatnych, kt\u00f3re coraz szybciej zdobywaj\u0105 nale\u017cne im miejsce w systemie S\u0142u\u017cby Zdrowia. Wsp\u00f3\u0142pracujemy r\u00f3wnie\u017c z firmami po\u015brednicz\u0105cymi w kraju i za granic\u0105, b\u0119d\u0105cymi generalnymi dostawcami sprz\u0119tu medycznego....","protected":false},"author":1,"featured_media":0,"parent":13,"menu_order":3,"comment_status":"closed","ping_status":"closed","template":"","meta":{"_jet_sm_ready_style":"","_jet_sm_style":"","_jet_sm_controls_values":"","_jet_sm_fonts_collection":"","_jet_sm_fonts_links":"","footnotes":"","_links_to":"","_links_to_target":""},"class_list":["post-165","page","type-page","status-publish","hentry"],"yoast_head":"<!-- This site is optimized with the Yoast SEO plugin v26.6 - https:\/\/yoast.com\/wordpress\/plugins\/seo\/ -->\n<title>Klienci - EMTEL - kardiomonitory, defibrylatory, profesjonalny serwis producenta<\/title>\n<meta name=\"robots\" content=\"index, follow, max-snippet:-1, max-image-preview:large, max-video-preview:-1\" \/>\n<link rel=\"canonical\" href=\"https:\/\/emtel.pl\/index.php\/o-firmie\/klienci\/\" \/>\n<meta property=\"og:locale\" content=\"pl_PL\" \/>\n<meta property=\"og:type\" content=\"article\" \/>\n<meta property=\"og:title\" content=\"Klienci - EMTEL - kardiomonitory, defibrylatory, profesjonalny serwis producenta\" \/>\n<meta property=\"og:url\" content=\"https:\/\/emtel.pl\/index.php\/o-firmie\/klienci\/\" \/>\n<meta property=\"og:site_name\" content=\"EMTEL - kardiomonitory, defibrylatory, profesjonalny serwis producenta\" \/>\n<meta property=\"article:modified_time\" content=\"2023-02-20T14:13:18+00:00\" \/>\n<meta name=\"twitter:card\" content=\"summary_large_image\" \/>\n<meta name=\"twitter:label1\" content=\"Szacowany czas czytania\" \/>\n\t<meta name=\"twitter:data1\" content=\"1 minuta\" \/>\n<script type=\"application\/ld+json\" class=\"yoast-schema-graph\">{\"@context\":\"https:\/\/schema.org\",\"@graph\":[{\"@type\":\"WebPage\",\"@id\":\"https:\/\/emtel.pl\/index.php\/o-firmie\/klienci\/\",\"url\":\"https:\/\/emtel.pl\/index.php\/o-firmie\/klienci\/\",\"name\":\"Klienci - EMTEL - kardiomonitory, defibrylatory, profesjonalny serwis producenta\",\"isPartOf\":{\"@id\":\"https:\/\/emtel.pl\/#website\"},\"datePublished\":\"2019-03-27T20:21:06+00:00\",\"dateModified\":\"2023-02-20T14:13:18+00:00\",\"breadcrumb\":{\"@id\":\"https:\/\/emtel.pl\/index.php\/o-firmie\/klienci\/#breadcrumb\"},\"inLanguage\":\"pl-PL\",\"potentialAction\":[{\"@type\":\"ReadAction\",\"target\":[\"https:\/\/emtel.pl\/index.php\/o-firmie\/klienci\/\"]}]},{\"@type\":\"BreadcrumbList\",\"@id\":\"https:\/\/emtel.pl\/index.php\/o-firmie\/klienci\/#breadcrumb\",\"itemListElement\":[{\"@type\":\"ListItem\",\"position\":1,\"name\":\"Strona g\u0142\u00f3wna\",\"item\":\"https:\/\/emtel.pl\/\"},{\"@type\":\"ListItem\",\"position\":2,\"name\":\"O firmie\",\"item\":\"https:\/\/emtel.pl\/index.php\/o-firmie\/\"},{\"@type\":\"ListItem\",\"position\":3,\"name\":\"Klienci\"}]},{\"@type\":\"WebSite\",\"@id\":\"https:\/\/emtel.pl\/#website\",\"url\":\"https:\/\/emtel.pl\/\",\"name\":\"EMTEL - kardiomonitory, defibrylatory, profesjonalny serwis producenta\",\"description\":\"Technologia od serca\",\"potentialAction\":[{\"@type\":\"SearchAction\",\"target\":{\"@type\":\"EntryPoint\",\"urlTemplate\":\"https:\/\/emtel.pl\/?s={search_term_string}\"},\"query-input\":{\"@type\":\"PropertyValueSpecification\",\"valueRequired\":true,\"valueName\":\"search_term_string\"}}],\"inLanguage\":\"pl-PL\"}]}<\/script>\n<!-- \/ Yoast SEO plugin. -->","yoast_head_json":{"title":"Klienci - EMTEL - kardiomonitory, defibrylatory, profesjonalny serwis producenta","robots":{"index":"index","follow":"follow","max-snippet":"max-snippet:-1","max-image-preview":"max-image-preview:large","max-video-preview":"max-video-preview:-1"},"canonical":"https:\/\/emtel.pl\/index.php\/o-firmie\/klienci\/","og_locale":"pl_PL","og_type":"article","og_title":"Klienci - EMTEL - kardiomonitory, defibrylatory, profesjonalny serwis producenta","og_url":"https:\/\/emtel.pl\/index.php\/o-firmie\/klienci\/","og_site_name":"EMTEL - kardiomonitory, defibrylatory, profesjonalny serwis producenta","article_modified_time":"2023-02-20T14:13:18+00:00","twitter_card":"summary_large_image","twitter_misc":{"Szacowany czas czytania":"1 minuta"},"schema":{"@context":"https:\/\/schema.org","@graph":[{"@type":"WebPage","@id":"https:\/\/emtel.pl\/index.php\/o-firmie\/klienci\/","url":"https:\/\/emtel.pl\/index.php\/o-firmie\/klienci\/","name":"Klienci - EMTEL - kardiomonitory, defibrylatory, profesjonalny serwis producenta","isPartOf":{"@id":"https:\/\/emtel.pl\/#website"},"datePublished":"2019-03-27T20:21:06+00:00","dateModified":"2023-02-20T14:13:18+00:00","breadcrumb":{"@id":"https:\/\/emtel.pl\/index.php\/o-firmie\/klienci\/#breadcrumb"},"inLanguage":"pl-PL","potentialAction":[{"@type":"ReadAction","target":["https:\/\/emtel.pl\/index.php\/o-firmie\/klienci\/"]}]},{"@type":"BreadcrumbList","@id":"https:\/\/emtel.pl\/index.php\/o-firmie\/klienci\/#breadcrumb","itemListElement":[{"@type":"ListItem","position":1,"name":"Strona g\u0142\u00f3wna","item":"https:\/\/emtel.pl\/"},{"@type":"ListItem","position":2,"name":"O firmie","item":"https:\/\/emtel.pl\/index.php\/o-firmie\/"},{"@type":"ListItem","position":3,"name":"Klienci"}]},{"@type":"WebSite","@id":"https:\/\/emtel.pl\/#website","url":"https:\/\/emtel.pl\/","name":"EMTEL - kardiomonitory, defibrylatory, profesjonalny serwis producenta","description":"Technologia od serca","potentialAction":[{"@type":"SearchAction","target":{"@type":"EntryPoint","urlTemplate":"https:\/\/emtel.pl\/?s={search_term_string}"},"query-input":{"@type":"PropertyValueSpecification","valueRequired":true,"valueName":"search_term_string"}}],"inLanguage":"pl-PL"}]}},"_links":{"self":[{"href":"https:\/\/emtel.pl\/index.php\/wp-json\/wp\/v2\/pages\/165","targetHints":{"allow":["GET"]}}],"collection":[{"href":"https:\/\/emtel.pl\/index.php\/wp-json\/wp\/v2\/pages"}],"about":[{"href":"https:\/\/emtel.pl\/index.php\/wp-json\/wp\/v2\/types\/page"}],"author":[{"embeddable":true,"href":"https:\/\/emtel.pl\/index.php\/wp-json\/wp\/v2\/users\/1"}],"replies":[{"embeddable":true,"href":"https:\/\/emtel.pl\/index.php\/wp-json\/wp\/v2\/comments?post=165"}],"version-history":[{"count":9,"href":"https:\/\/emtel.pl\/index.php\/wp-json\/wp\/v2\/pages\/165\/revisions"}],"predecessor-version":[{"id":2625,"href":"https:\/\/emtel.pl\/index.php\/wp-json\/wp\/v2\/pages\/165\/revisions\/2625"}],"up":[{"embeddable":true,"href":"https:\/\/emtel.pl\/index.php\/wp-json\/wp\/v2\/pages\/13"}],"wp:attachment":[{"href":"https:\/\/emtel.pl\/index.php\/wp-json\/wp\/v2\/media?parent=165"}],"curies":[{"name":"wp","href":"https:\/\/api.w.org\/{rel}","templated":true}]}}