{"id":873,"date":"2019-05-21T16:59:27","date_gmt":"2019-05-21T14:59:27","guid":{"rendered":"http:\/\/emtel.pl\/?page_id=873"},"modified":"2020-12-01T12:26:36","modified_gmt":"2020-12-01T11:26:36","slug":"systeme-central-de-surveillance-fx-3000c","status":"publish","type":"page","link":"https:\/\/emtel.pl\/index.php\/produits\/systeme-central-de-surveillance-fx-3000c\/?lang=fr","title":{"rendered":"Syst\u00e8me central de surveillance FX&nbsp;3000C"},"content":{"rendered":"<section class=\"l-section wpb_row height_small\"><div class=\"l-section-h i-cf\"><div class=\"g-cols vc_row via_flex valign_top type_default stacking_default\"><div class=\"vc_col-sm-12 wpb_column vc_column_container\"><div class=\"vc_column-inner\"><div class=\"wpb_wrapper\"><div class=\"wpb_text_column\"><div class=\"wpb_wrapper\"><p><strong>Le syst\u00e8me de soins intensifs FX 3000 comprend des moniteurs de chevet tels que les moniteurs <a href=\"http:\/\/emtel.pl\/index.php\/produits\/moniteur-patient-compact-fx-3000\/?lang=fr\">FX 3000<\/a>, <a href=\"http:\/\/emtel.pl\/index.php\/produits\/moniteur-patient-modulaire-fx-3000md\/?lang=fr\">FX 3000MD<\/a>, <a href=\"http:\/\/emtel.pl\/index.php\/produits\/moniteur-patient-portable-fx-3000p\/?lang=fr\">FX 3000P<\/a> et <a href=\"http:\/\/emtel.pl\/index.php\/produits\/systeme-central-de-surveillance-fx-3000c\/?lang=fr\">FX 3000C<\/a> fonctionnant en mode station centrale. Le transfert des donn\u00e9es entre les moniteurs patient et la station centrale est garantie par Ethernet &#8211; le r\u00e9seau tr\u00e8s rapide et moderne. Cette solution permet d&#8217;\u00e9tendre les capacit\u00e9s d&#8217;un syst\u00e8me en fonction de ses besoins et de le connecter au r\u00e9seau informatique central d&#8217;un h\u00f4pital.<\/strong><\/p>\n<p>Outre la transmission de donn\u00e9es entre les moniteurs patient et la station centrale, il y a une possibilit\u00e9 de transmission de donn\u00e9es seulement entre les moniteurs patient. Soi-disant transmission interactive permet la visualisation \u00e0 distance des \u00e9crans des moniteurs, ce qui facilite la supervision de l&#8217;ensemble du syst\u00e8me.<\/p>\n<\/div><\/div><\/div><\/div><\/div><\/div><\/div><\/section><section class=\"l-section wpb_row us_custom_84975378 height_small\"><div class=\"l-section-h i-cf\"><div class=\"g-cols vc_row via_flex valign_top type_default stacking_default\"><div class=\"vc_col-sm-12 wpb_column vc_column_container\"><div class=\"vc_column-inner\"><div class=\"wpb_wrapper\">\n\t\t\t<!-- START FX 3000C REVOLUTION SLIDER 6.7.40 --><p class=\"rs-p-wp-fix\"><\/p>\n\t\t\t<rs-module-wrap id=\"rev_slider_8_1_wrapper\" data-source=\"gallery\" style=\"visibility:hidden;background:transparent;padding:0;margin:0px auto;margin-top:0;margin-bottom:0;\">\n\t\t\t\t<rs-module id=\"rev_slider_8_1\" class=\" rs-ov-hidden\" style=\"\" data-version=\"6.7.40\">\n\t\t\t\t\t<rs-slides style=\"overflow: hidden; position: absolute;\">\n\t\t\t\t\t\t<rs-slide style=\"position: absolute;\" data-key=\"rs-40\" data-title=\"Slide\" data-thumb=\"\/\/emtel.pl\/wp-content\/uploads\/2025\/11\/Centrala-19-DSC02234-PL-125x125.jpg\" data-anim=\"ms:600;\" data-in=\"o:0;\" data-out=\"a:false;\">\n\t\t\t\t\t\t\t<img decoding=\"async\" src=\"\/\/emtel.pl\/wp-content\/plugins\/revslider\/sr6\/assets\/assets\/dummy.png\" alt=\"FX 3000C\" title=\"FX 3000C\" width=\"2000\" height=\"1333\" class=\"rev-slidebg tp-rs-img rs-lazyload\" data-lazyload=\"\/\/emtel.pl\/wp-content\/uploads\/2025\/11\/Centrala-19-DSC02234-PL.jpg\" data-bg=\"f:contain;\" data-no-retina>\n<!---->\t\t\t\t\t<\/rs-slide>\n\t\t\t\t\t\t<rs-slide style=\"position: absolute;\" data-key=\"rs-70\" data-title=\"Slide\" data-thumb=\"\/\/emtel.pl\/wp-content\/uploads\/2025\/11\/Centrala-19-DSC02255-PL-125x125.jpg\" data-anim=\"ms:600;\" data-in=\"o:0;\" data-out=\"a:false;\">\n\t\t\t\t\t\t\t<img decoding=\"async\" src=\"\/\/emtel.pl\/wp-content\/plugins\/revslider\/sr6\/assets\/assets\/dummy.png\" alt=\"FX 3000C\" title=\"FX 3000C\" width=\"2000\" height=\"1333\" class=\"rev-slidebg tp-rs-img rs-lazyload\" data-lazyload=\"\/\/emtel.pl\/wp-content\/uploads\/2025\/11\/Centrala-19-DSC02255-PL.jpg\" data-bg=\"f:contain;\" data-no-retina>\n<!---->\t\t\t\t\t<\/rs-slide>\n\t\t\t\t\t\t<rs-slide style=\"position: absolute;\" data-key=\"rs-71\" data-title=\"Slide\" data-thumb=\"\/\/emtel.pl\/wp-content\/uploads\/2025\/11\/Centrala-24-DSC02207-PL-125x125.jpg\" data-anim=\"ms:600;\" data-in=\"o:0;\" data-out=\"a:false;\">\n\t\t\t\t\t\t\t<img decoding=\"async\" src=\"\/\/emtel.pl\/wp-content\/plugins\/revslider\/sr6\/assets\/assets\/dummy.png\" alt=\"FX 3000C\" title=\"FX 3000C\" width=\"2000\" height=\"1333\" class=\"rev-slidebg tp-rs-img rs-lazyload\" data-lazyload=\"\/\/emtel.pl\/wp-content\/uploads\/2025\/11\/Centrala-24-DSC02207-PL.jpg\" data-bg=\"f:contain;\" data-no-retina>\n<!---->\t\t\t\t\t<\/rs-slide>\n\t\t\t\t\t\t<rs-slide style=\"position: absolute;\" data-key=\"rs-72\" data-title=\"Slide\" data-thumb=\"\/\/emtel.pl\/wp-content\/uploads\/2025\/11\/Centrala-24-DSC02209-PL-125x125.jpg\" data-anim=\"ms:600;\" data-in=\"o:0;\" data-out=\"a:false;\">\n\t\t\t\t\t\t\t<img decoding=\"async\" src=\"\/\/emtel.pl\/wp-content\/plugins\/revslider\/sr6\/assets\/assets\/dummy.png\" alt=\"FX 3000C\" title=\"Centrala 24 DSC02209 PL\" width=\"2000\" height=\"1333\" class=\"rev-slidebg tp-rs-img rs-lazyload\" data-lazyload=\"\/\/emtel.pl\/wp-content\/uploads\/2025\/11\/Centrala-24-DSC02209-PL.jpg\" data-bg=\"f:contain;\" data-no-retina>\n<!---->\t\t\t\t\t<\/rs-slide>\n\t\t\t\t\t\t<rs-slide style=\"position: absolute;\" data-key=\"rs-77\" data-title=\"Slide\" data-thumb=\"\/\/emtel.pl\/wp-content\/uploads\/2025\/11\/centrala-125x125.jpg\" data-anim=\"ms:600;\" data-in=\"o:0;\" data-out=\"a:false;\">\n\t\t\t\t\t\t\t<img decoding=\"async\" src=\"\/\/emtel.pl\/wp-content\/plugins\/revslider\/sr6\/assets\/assets\/dummy.png\" alt=\"FX 3000C\" title=\"FX 3000C\" width=\"1200\" height=\"865\" class=\"rev-slidebg tp-rs-img rs-lazyload\" data-lazyload=\"\/\/emtel.pl\/wp-content\/uploads\/2025\/11\/centrala.jpg\" data-bg=\"f:contain;\" data-no-retina>\n<!---->\t\t\t\t\t<\/rs-slide>\n\t\t\t\t\t<\/rs-slides>\n\t\t\t\t<\/rs-module>\n\t\t\t\t<script>\n\t\t\t\t\tsetREVStartSize({c: 'rev_slider_8_1',rl:[1240,1024,768,480],el:[800],gw:[1240],gh:[800],type:'standard',justify:'',layout:'fullwidth',thumbh:\"125\",mh:\"0\"});if (window.RS_MODULES!==undefined && window.RS_MODULES.modules!==undefined && window.RS_MODULES.modules[\"revslider81\"]!==undefined) {window.RS_MODULES.modules[\"revslider81\"].once = false;window.revapi8 = undefined;if (window.RS_MODULES.checkMinimal!==undefined) window.RS_MODULES.checkMinimal()}\n\t\t\t\t<\/script>\n\t\t\t<\/rs-module-wrap>\n\t\t\t<!-- END REVOLUTION SLIDER -->\n<\/div><\/div><\/div><\/div><\/div><\/section><section class=\"l-section wpb_row height_small\"><div class=\"l-section-h i-cf\"><div class=\"g-cols vc_row via_flex valign_top type_default stacking_default\"><div class=\"vc_col-sm-12 wpb_column vc_column_container\"><div class=\"vc_column-inner\"><div class=\"wpb_wrapper\"><div class=\"wpb_text_column\"><div class=\"wpb_wrapper\"><p>Une imprimante peut \u00eatre connect\u00e9e au syst\u00e8me de surveillance et une impression peut \u00eatre obtenue \u00e0 partir de chaque moniteur travaillant dans le r\u00e9seau. Des impressions provenant du stockage des donn\u00e9es de la station centrale FX3000C sont \u00e9galement possibles.<\/p>\n<p>Les possibilit\u00e9s de configuration du syst\u00e8me sont tr\u00e8s larges.<\/p>\n<\/div><\/div><\/div><\/div><\/div><\/div><\/div><\/section><section class=\"l-section wpb_row us_custom_74af54a7 height_auto\"><div class=\"l-section-h i-cf\"><div class=\"g-cols vc_row via_flex valign_top type_default stacking_default\"><div class=\"vc_col-sm-12 wpb_column vc_column_container\"><div class=\"vc_column-inner\"><div class=\"wpb_wrapper\"><div class=\"wpb_text_column us_custom_a106749e\"><div class=\"wpb_wrapper\"><h3>\u00c0 t\u00e9l\u00e9charger<\/h3>\n<\/div><\/div><div class=\"uavc-list-icon uavc-list-icon-wrapper ult-adjust-bottom-margin   vc_custom_1560498657262  vc_custom_1560498657262\"><ul class=\"uavc-list\"><li><div class=\"uavc-list-content\" id=\"list-icon-wrap-6395\">\n<div class=\"uavc-list-icon margin-bottom:0; \" data-animation=\"\" data-animation-delay=\"03\" style=\"margin-right:10px;\"><div class=\"ult-just-icon-wrapper  \"><div class=\"align-icon\" style=\"text-align:center;\">\n<div class=\"aio-icon-img \" style=\"font-size:35px;display:inline-block;\" >\n\t<img decoding=\"async\" class=\"img-icon\" alt=\"null\" src=\"https:\/\/emtel.pl\/wp-content\/uploads\/2019\/06\/icon-pdf.png\"\/>\n<\/div><\/div><\/div>\n<\/div><span  data-ultimate-target='#list-icon-wrap-6395 .uavc-list-desc'  data-responsive-json-new='{\"font-size\":\"\",\"line-height\":\"\"}'  class=\"uavc-list-desc ult-responsive\" style=\"\"><a href=\"\/download\/FR\/FR FX 3000C.pdf\" target=\"_blank\" rel=\"noopener noreferrer\">Syst\u00e8me central de surveillance FX&nbsp;3000C &#8211; fiche produit<\/a><\/p>\n<p>&nbsp;<\/span><\/div><\/li><\/ul><\/div><\/div><\/div><\/div><\/div><\/div><\/section><!-- Row Backgrounds --><div class=\"upb_color\" data-bg-override=\"0\" data-bg-color=\"#f7f7f7\" data-fadeout=\"\" data-fadeout-percentage=\"30\" data-parallax-content=\"\" data-parallax-content-sense=\"30\" data-row-effect-mobile-disable=\"true\" data-img-parallax-mobile-disable=\"true\" data-rtl=\"false\"  data-custom-vc-row=\"\"  data-vc=\"8.7.2\"  data-is_old_vc=\"\"  data-theme-support=\"\"   data-overlay=\"false\" data-overlay-color=\"\" data-overlay-pattern=\"\" data-overlay-pattern-opacity=\"\" data-overlay-pattern-size=\"\"    ><\/div><section class=\"l-section wpb_row height_small\"><div class=\"l-section-h i-cf\"><div class=\"g-cols vc_row via_flex valign_top type_default stacking_default\"><div class=\"vc_col-sm-12 wpb_column vc_column_container\"><div class=\"vc_column-inner\"><div class=\"wpb_wrapper\"><div class=\"wpb_text_column\"><div class=\"wpb_wrapper\"><h3>Le syst\u00e8me de surveillance FX 3000 fournit:<\/h3>\n<ul>\n<li>transmission rapide des donn\u00e9es entre les moniteurs et une station centrale ainsi qu&#8217;entre les moniteurs seulement,<\/li>\n<li>supervision de tous les param\u00e8tres surveill\u00e9s de tous les moniteurs connect\u00e9s au syst\u00e8me,<\/li>\n<li>possibilit\u00e9 de visualisation \u00e0 distance de tous les moniteurs patient,<\/li>\n<li>nombreux modes de surveillance du syst\u00e8me,<\/li>\n<li>stockage complet des donn\u00e9es (standard 24 ou 48 heures) \u00e0 partir de tous les moniteurs connect\u00e9s au r\u00e9seau,<\/li>\n<li>capacit\u00e9s d&#8217;\u00e9tendre un syst\u00e8me de nouveaux unit\u00e9s,<\/li>\n<li>impressions \u00e0 partir de n&#8217;importe quel moniteur patient, actionn\u00e9es \u00e0 partir de la station centrale ou du moniteur de chevet,<\/li>\n<li>impressions de donn\u00e9es stock\u00e9es s\u00e9lectionn\u00e9es,<\/li>\n<li>stockage complexe des donn\u00e9es depuis les moniteurs de chevet, y compris\n<ul>\n<li>revue des tendances de tous les param\u00e8tres,<\/li>\n<li>revue des formes d&#8217;onde de tous les param\u00e8tres,<\/li>\n<li>analyse de l&#8217;arythmie et la revue ainsi que la recherche de diff\u00e9rents types d&#8217;arythmies.<\/li>\n<\/ul>\n<\/li>\n<\/ul>\n<\/div><\/div><\/div><\/div><\/div><\/div><\/div><\/section><section class=\"l-section wpb_row us_custom_4615bc44 height_small\"><div class=\"l-section-h i-cf\"><div class=\"g-cols vc_row via_flex valign_top type_default stacking_default\"><div class=\"vc_col-sm-12 wpb_column vc_column_container\"><div class=\"vc_column-inner\"><div class=\"wpb_wrapper\"><div class=\"wpb_text_column\"><div class=\"wpb_wrapper\"><h3 style=\"text-align: center;\">Le produit est marqu\u00e9 \u00ab CE \u00bb<\/h3>\n<\/div><\/div><\/div><\/div><\/div><\/div><\/div><\/section><!-- Row Backgrounds --><div class=\"upb_color\" data-bg-override=\"0\" data-bg-color=\"#f5f5f5\" data-fadeout=\"\" data-fadeout-percentage=\"30\" data-parallax-content=\"\" data-parallax-content-sense=\"30\" data-row-effect-mobile-disable=\"true\" data-img-parallax-mobile-disable=\"true\" data-rtl=\"false\"  data-custom-vc-row=\"\"  data-vc=\"8.7.2\"  data-is_old_vc=\"\"  data-theme-support=\"\"   data-overlay=\"false\" data-overlay-color=\"\" data-overlay-pattern=\"\" data-overlay-pattern-opacity=\"\" data-overlay-pattern-size=\"\"    ><\/div>\n","protected":false},"excerpt":{"rendered":"Le syst\u00e8me de soins intensifs FX 3000 comprend des moniteurs de chevet tels que les moniteurs FX 3000, FX 3000MD, FX 3000P et FX 3000C fonctionnant en mode station centrale. Le transfert des donn\u00e9es entre les moniteurs patient et la station centrale est garantie par Ethernet &#8211; le r\u00e9seau tr\u00e8s rapide et moderne. Cette solution...","protected":false},"author":1,"featured_media":3278,"parent":855,"menu_order":4,"comment_status":"closed","ping_status":"closed","template":"","meta":{"_jet_sm_ready_style":"","_jet_sm_style":"","_jet_sm_controls_values":"","_jet_sm_fonts_collection":"","_jet_sm_fonts_links":"","footnotes":"","_links_to":"","_links_to_target":""},"class_list":["post-873","page","type-page","status-publish","has-post-thumbnail","hentry"],"yoast_head":"<!-- This site is optimized with the Yoast SEO plugin v26.6 - https:\/\/yoast.com\/wordpress\/plugins\/seo\/ -->\n<title>Syst\u00e8me central de surveillance FX&nbsp;3000C - EMTEL - kardiomonitory, defibrylatory, profesjonalny serwis producenta<\/title>\n<meta name=\"description\" content=\"Le syst\u00e8me de soins intensifs FX 3000 comprend des moniteurs de chevet tels que les moniteurs FX 3000, FX 3000MD, FX 3000P et FX 3000C fonctionnant en mode station centrale. Le transfert des donn\u00e9es entre les moniteurs patient et la station centrale est garantie par Ethernet - le r\u00e9seau tr\u00e8s rapide et moderne. Cette solution permet d&#039;\u00e9tendre les capacit\u00e9s d&#039;un syst\u00e8me en fonction de ses besoins et de le connecter au r\u00e9seau informatique central d&#039;un h\u00f4pital.\" \/>\n<meta name=\"robots\" content=\"index, follow, max-snippet:-1, max-image-preview:large, max-video-preview:-1\" \/>\n<link rel=\"canonical\" href=\"https:\/\/emtel.pl\/index.php\/produits\/systeme-central-de-surveillance-fx-3000c\/\" \/>\n<meta property=\"og:locale\" content=\"pl_PL\" \/>\n<meta property=\"og:type\" content=\"article\" \/>\n<meta property=\"og:title\" content=\"Syst\u00e8me central de surveillance FX&nbsp;3000C - EMTEL - kardiomonitory, defibrylatory, profesjonalny serwis producenta\" \/>\n<meta property=\"og:description\" content=\"Le syst\u00e8me de soins intensifs FX 3000 comprend des moniteurs de chevet tels que les moniteurs FX 3000, FX 3000MD, FX 3000P et FX 3000C fonctionnant en mode station centrale. Le transfert des donn\u00e9es entre les moniteurs patient et la station centrale est garantie par Ethernet - le r\u00e9seau tr\u00e8s rapide et moderne. Cette solution permet d&#039;\u00e9tendre les capacit\u00e9s d&#039;un syst\u00e8me en fonction de ses besoins et de le connecter au r\u00e9seau informatique central d&#039;un h\u00f4pital.\" \/>\n<meta property=\"og:url\" content=\"https:\/\/emtel.pl\/index.php\/produits\/systeme-central-de-surveillance-fx-3000c\/?lang=fr\" \/>\n<meta property=\"og:site_name\" content=\"EMTEL - kardiomonitory, defibrylatory, profesjonalny serwis producenta\" \/>\n<meta property=\"article:modified_time\" content=\"2020-12-01T11:26:36+00:00\" \/>\n<meta property=\"og:image\" content=\"https:\/\/emtel.pl\/wp-content\/uploads\/2019\/06\/FX-3000C.jpg\" \/>\n\t<meta property=\"og:image:width\" content=\"1024\" \/>\n\t<meta property=\"og:image:height\" content=\"900\" \/>\n\t<meta property=\"og:image:type\" content=\"image\/jpeg\" \/>\n<meta name=\"twitter:card\" content=\"summary_large_image\" \/>\n<meta name=\"twitter:label1\" content=\"Szacowany czas czytania\" \/>\n\t<meta name=\"twitter:data1\" content=\"4 minuty\" \/>\n<script type=\"application\/ld+json\" class=\"yoast-schema-graph\">{\"@context\":\"https:\/\/schema.org\",\"@graph\":[{\"@type\":\"WebPage\",\"@id\":\"https:\/\/emtel.pl\/index.php\/produits\/systeme-central-de-surveillance-fx-3000c\/?lang=fr\",\"url\":\"https:\/\/emtel.pl\/index.php\/produits\/systeme-central-de-surveillance-fx-3000c\/?lang=fr\",\"name\":\"Syst\u00e8me central de surveillance FX&nbsp;3000C - EMTEL - kardiomonitory, defibrylatory, profesjonalny serwis producenta\",\"isPartOf\":{\"@id\":\"https:\/\/emtel.pl\/#website\"},\"primaryImageOfPage\":{\"@id\":\"https:\/\/emtel.pl\/index.php\/produits\/systeme-central-de-surveillance-fx-3000c\/?lang=fr#primaryimage\"},\"image\":{\"@id\":\"https:\/\/emtel.pl\/index.php\/produits\/systeme-central-de-surveillance-fx-3000c\/?lang=fr#primaryimage\"},\"thumbnailUrl\":\"https:\/\/emtel.pl\/wp-content\/uploads\/2025\/11\/centrala.jpg\",\"datePublished\":\"2019-05-21T14:59:27+00:00\",\"dateModified\":\"2020-12-01T11:26:36+00:00\",\"description\":\"Le syst\u00e8me de soins intensifs FX 3000 comprend des moniteurs de chevet tels que les moniteurs FX 3000, FX 3000MD, FX 3000P et FX 3000C fonctionnant en mode station centrale. Le transfert des donn\u00e9es entre les moniteurs patient et la station centrale est garantie par Ethernet - le r\u00e9seau tr\u00e8s rapide et moderne. Cette solution permet d'\u00e9tendre les capacit\u00e9s d'un syst\u00e8me en fonction de ses besoins et de le connecter au r\u00e9seau informatique central d'un h\u00f4pital.\",\"breadcrumb\":{\"@id\":\"https:\/\/emtel.pl\/index.php\/produits\/systeme-central-de-surveillance-fx-3000c\/?lang=fr#breadcrumb\"},\"inLanguage\":\"pl-PL\",\"potentialAction\":[{\"@type\":\"ReadAction\",\"target\":[\"https:\/\/emtel.pl\/index.php\/produits\/systeme-central-de-surveillance-fx-3000c\/?lang=fr\"]}]},{\"@type\":\"ImageObject\",\"inLanguage\":\"pl-PL\",\"@id\":\"https:\/\/emtel.pl\/index.php\/produits\/systeme-central-de-surveillance-fx-3000c\/?lang=fr#primaryimage\",\"url\":\"https:\/\/emtel.pl\/wp-content\/uploads\/2025\/11\/centrala.jpg\",\"contentUrl\":\"https:\/\/emtel.pl\/wp-content\/uploads\/2025\/11\/centrala.jpg\",\"width\":1200,\"height\":865,\"caption\":\"FX 3000C\"},{\"@type\":\"BreadcrumbList\",\"@id\":\"https:\/\/emtel.pl\/index.php\/produits\/systeme-central-de-surveillance-fx-3000c\/?lang=fr#breadcrumb\",\"itemListElement\":[{\"@type\":\"ListItem\",\"position\":1,\"name\":\"Strona g\u0142\u00f3wna\",\"item\":\"https:\/\/emtel.pl\/\"},{\"@type\":\"ListItem\",\"position\":2,\"name\":\"Produits\",\"item\":\"https:\/\/emtel.pl\/index.php\/produits\/\"},{\"@type\":\"ListItem\",\"position\":3,\"name\":\"Syst\u00e8me central de surveillance FX&nbsp;3000C\"}]},{\"@type\":\"WebSite\",\"@id\":\"https:\/\/emtel.pl\/#website\",\"url\":\"https:\/\/emtel.pl\/\",\"name\":\"EMTEL - kardiomonitory, defibrylatory, profesjonalny serwis producenta\",\"description\":\"Technologia od serca\",\"potentialAction\":[{\"@type\":\"SearchAction\",\"target\":{\"@type\":\"EntryPoint\",\"urlTemplate\":\"https:\/\/emtel.pl\/?s={search_term_string}\"},\"query-input\":{\"@type\":\"PropertyValueSpecification\",\"valueRequired\":true,\"valueName\":\"search_term_string\"}}],\"inLanguage\":\"pl-PL\"}]}<\/script>\n<!-- \/ Yoast SEO plugin. -->","yoast_head_json":{"title":"Syst\u00e8me central de surveillance FX&nbsp;3000C - EMTEL - kardiomonitory, defibrylatory, profesjonalny serwis producenta","description":"Le syst\u00e8me de soins intensifs FX 3000 comprend des moniteurs de chevet tels que les moniteurs FX 3000, FX 3000MD, FX 3000P et FX 3000C fonctionnant en mode station centrale. Le transfert des donn\u00e9es entre les moniteurs patient et la station centrale est garantie par Ethernet - le r\u00e9seau tr\u00e8s rapide et moderne. Cette solution permet d'\u00e9tendre les capacit\u00e9s d'un syst\u00e8me en fonction de ses besoins et de le connecter au r\u00e9seau informatique central d'un h\u00f4pital.","robots":{"index":"index","follow":"follow","max-snippet":"max-snippet:-1","max-image-preview":"max-image-preview:large","max-video-preview":"max-video-preview:-1"},"canonical":"https:\/\/emtel.pl\/index.php\/produits\/systeme-central-de-surveillance-fx-3000c\/","og_locale":"pl_PL","og_type":"article","og_title":"Syst\u00e8me central de surveillance FX&nbsp;3000C - EMTEL - kardiomonitory, defibrylatory, profesjonalny serwis producenta","og_description":"Le syst\u00e8me de soins intensifs FX 3000 comprend des moniteurs de chevet tels que les moniteurs FX 3000, FX 3000MD, FX 3000P et FX 3000C fonctionnant en mode station centrale. Le transfert des donn\u00e9es entre les moniteurs patient et la station centrale est garantie par Ethernet - le r\u00e9seau tr\u00e8s rapide et moderne. Cette solution permet d'\u00e9tendre les capacit\u00e9s d'un syst\u00e8me en fonction de ses besoins et de le connecter au r\u00e9seau informatique central d'un h\u00f4pital.","og_url":"https:\/\/emtel.pl\/index.php\/produits\/systeme-central-de-surveillance-fx-3000c\/?lang=fr","og_site_name":"EMTEL - kardiomonitory, defibrylatory, profesjonalny serwis producenta","article_modified_time":"2020-12-01T11:26:36+00:00","og_image":[{"width":1024,"height":900,"url":"https:\/\/emtel.pl\/wp-content\/uploads\/2019\/06\/FX-3000C.jpg","type":"image\/jpeg"}],"twitter_card":"summary_large_image","twitter_misc":{"Szacowany czas czytania":"4 minuty"},"schema":{"@context":"https:\/\/schema.org","@graph":[{"@type":"WebPage","@id":"https:\/\/emtel.pl\/index.php\/produits\/systeme-central-de-surveillance-fx-3000c\/?lang=fr","url":"https:\/\/emtel.pl\/index.php\/produits\/systeme-central-de-surveillance-fx-3000c\/?lang=fr","name":"Syst\u00e8me central de surveillance FX&nbsp;3000C - EMTEL - kardiomonitory, defibrylatory, profesjonalny serwis producenta","isPartOf":{"@id":"https:\/\/emtel.pl\/#website"},"primaryImageOfPage":{"@id":"https:\/\/emtel.pl\/index.php\/produits\/systeme-central-de-surveillance-fx-3000c\/?lang=fr#primaryimage"},"image":{"@id":"https:\/\/emtel.pl\/index.php\/produits\/systeme-central-de-surveillance-fx-3000c\/?lang=fr#primaryimage"},"thumbnailUrl":"https:\/\/emtel.pl\/wp-content\/uploads\/2025\/11\/centrala.jpg","datePublished":"2019-05-21T14:59:27+00:00","dateModified":"2020-12-01T11:26:36+00:00","description":"Le syst\u00e8me de soins intensifs FX 3000 comprend des moniteurs de chevet tels que les moniteurs FX 3000, FX 3000MD, FX 3000P et FX 3000C fonctionnant en mode station centrale. Le transfert des donn\u00e9es entre les moniteurs patient et la station centrale est garantie par Ethernet - le r\u00e9seau tr\u00e8s rapide et moderne. Cette solution permet d'\u00e9tendre les capacit\u00e9s d'un syst\u00e8me en fonction de ses besoins et de le connecter au r\u00e9seau informatique central d'un h\u00f4pital.","breadcrumb":{"@id":"https:\/\/emtel.pl\/index.php\/produits\/systeme-central-de-surveillance-fx-3000c\/?lang=fr#breadcrumb"},"inLanguage":"pl-PL","potentialAction":[{"@type":"ReadAction","target":["https:\/\/emtel.pl\/index.php\/produits\/systeme-central-de-surveillance-fx-3000c\/?lang=fr"]}]},{"@type":"ImageObject","inLanguage":"pl-PL","@id":"https:\/\/emtel.pl\/index.php\/produits\/systeme-central-de-surveillance-fx-3000c\/?lang=fr#primaryimage","url":"https:\/\/emtel.pl\/wp-content\/uploads\/2025\/11\/centrala.jpg","contentUrl":"https:\/\/emtel.pl\/wp-content\/uploads\/2025\/11\/centrala.jpg","width":1200,"height":865,"caption":"FX 3000C"},{"@type":"BreadcrumbList","@id":"https:\/\/emtel.pl\/index.php\/produits\/systeme-central-de-surveillance-fx-3000c\/?lang=fr#breadcrumb","itemListElement":[{"@type":"ListItem","position":1,"name":"Strona g\u0142\u00f3wna","item":"https:\/\/emtel.pl\/"},{"@type":"ListItem","position":2,"name":"Produits","item":"https:\/\/emtel.pl\/index.php\/produits\/"},{"@type":"ListItem","position":3,"name":"Syst\u00e8me central de surveillance FX&nbsp;3000C"}]},{"@type":"WebSite","@id":"https:\/\/emtel.pl\/#website","url":"https:\/\/emtel.pl\/","name":"EMTEL - kardiomonitory, defibrylatory, profesjonalny serwis producenta","description":"Technologia od serca","potentialAction":[{"@type":"SearchAction","target":{"@type":"EntryPoint","urlTemplate":"https:\/\/emtel.pl\/?s={search_term_string}"},"query-input":{"@type":"PropertyValueSpecification","valueRequired":true,"valueName":"search_term_string"}}],"inLanguage":"pl-PL"}]}},"_links":{"self":[{"href":"https:\/\/emtel.pl\/index.php\/wp-json\/wp\/v2\/pages\/873","targetHints":{"allow":["GET"]}}],"collection":[{"href":"https:\/\/emtel.pl\/index.php\/wp-json\/wp\/v2\/pages"}],"about":[{"href":"https:\/\/emtel.pl\/index.php\/wp-json\/wp\/v2\/types\/page"}],"author":[{"embeddable":true,"href":"https:\/\/emtel.pl\/index.php\/wp-json\/wp\/v2\/users\/1"}],"replies":[{"embeddable":true,"href":"https:\/\/emtel.pl\/index.php\/wp-json\/wp\/v2\/comments?post=873"}],"version-history":[{"count":10,"href":"https:\/\/emtel.pl\/index.php\/wp-json\/wp\/v2\/pages\/873\/revisions"}],"predecessor-version":[{"id":2135,"href":"https:\/\/emtel.pl\/index.php\/wp-json\/wp\/v2\/pages\/873\/revisions\/2135"}],"up":[{"embeddable":true,"href":"https:\/\/emtel.pl\/index.php\/wp-json\/wp\/v2\/pages\/855"}],"wp:featuredmedia":[{"embeddable":true,"href":"https:\/\/emtel.pl\/index.php\/wp-json\/wp\/v2\/media\/3278"}],"wp:attachment":[{"href":"https:\/\/emtel.pl\/index.php\/wp-json\/wp\/v2\/media?parent=873"}],"curies":[{"name":"wp","href":"https:\/\/api.w.org\/{rel}","templated":true}]}}