{"id":898,"date":"2019-05-27T18:00:57","date_gmt":"2019-05-27T16:00:57","guid":{"rendered":"http:\/\/emtel.pl\/?page_id=898"},"modified":"2019-10-18T10:26:23","modified_gmt":"2019-10-18T08:26:23","slug":"chirurgie-dun-jour","status":"publish","type":"page","link":"https:\/\/emtel.pl\/index.php\/solutions-fr\/chirurgie-dun-jour\/?lang=fr","title":{"rendered":"Chirurgie d&#8217;un jour"},"content":{"rendered":"<section class=\"l-section wpb_row height_small\"><div class=\"l-section-h i-cf\"><div class=\"g-cols vc_row via_flex valign_top type_default stacking_default\"><div class=\"vc_col-sm-12 wpb_column vc_column_container\"><div class=\"vc_column-inner\"><div class=\"wpb_wrapper\"><div class=\"wpb_text_column\"><div class=\"wpb_wrapper\"><p>Le moniteur patient compact <a title=\"FX 3000\" href=\"http:\/\/emtel.pl\/index.php\/des-produits\/moniteur-patient-compact-fx-3000\/?lang=fr\">FX 3000<\/a> \u00e9quip\u00e9 d&#8217;un \u00e9cran de 17&#8243; ou 19&#8243; est une solution typique et la plus souvent choisie pour les besoins de \u00ab chirurgie d&#8217;un jour \u00bb. Outre les param\u00e8tres de base (ECG, respiration, SpO<sub>2<\/sub> et NIBP), le moniteur permet de surveiller :<\/p>\n<ul>\n<li>concentration de dioxyde de carbone ETCO<sub>2<\/sub> dans l&#8217;air expir\u00e9 des patients,<\/li>\n<li>temp\u00e9rature corporelle,<\/li>\n<li>pression art\u00e9rielle (IBP) &#8211; m\u00e9thode invasive.<\/li>\n<\/ul>\n<p>En outre, les cliniques sont \u00e9quip\u00e9es de d\u00e9fibrillateurs biphasiques <a title=\"DefiMax biphasic\" href=\"http:\/\/emtel.pl\/index.php\/des-produits\/defibrillateur-clinique-defimax-biphasic\/?lang=fr\">DefiMax biphasic<\/a> avec option de cardioversion et d\u00e9fibrillation semi-automatique (AED) qui suit la d\u00e9tection d&#8217;un rythme FV\/TV.<\/p>\n<p>Le d\u00e9fibrillateur Emtel, avec sa possibilit\u00e9 de surveillance continue de l&#8217;ECG, de la SpO<sub>2<\/sub> et de la pression art\u00e9rielle, est souvent utilis\u00e9 comme dispositif de surveillance.<\/p>\n<\/div><\/div><\/div><\/div><\/div><\/div><\/div><\/section>\n","protected":false},"excerpt":{"rendered":"Le moniteur patient compact FX 3000 \u00e9quip\u00e9 d&#8217;un \u00e9cran de 17&#8243; ou 19&#8243; est une solution typique et la plus souvent choisie pour les besoins de \u00ab chirurgie d&#8217;un jour \u00bb. Outre les param\u00e8tres de base (ECG, respiration, SpO2 et NIBP), le moniteur permet de surveiller : concentration de dioxyde de carbone ETCO2 dans l&#8217;air...","protected":false},"author":1,"featured_media":513,"parent":885,"menu_order":3,"comment_status":"closed","ping_status":"closed","template":"","meta":{"_jet_sm_ready_style":"","_jet_sm_style":"","_jet_sm_controls_values":"","_jet_sm_fonts_collection":"","_jet_sm_fonts_links":"","footnotes":"","_links_to":"","_links_to_target":""},"class_list":["post-898","page","type-page","status-publish","has-post-thumbnail","hentry"],"yoast_head":"<!-- This site is optimized with the Yoast SEO plugin v26.6 - https:\/\/yoast.com\/wordpress\/plugins\/seo\/ -->\n<title>Chirurgie d&#039;un jour - EMTEL - kardiomonitory, defibrylatory, profesjonalny serwis producenta<\/title>\n<meta name=\"description\" content=\"Le moniteur patient compact FX 3000 \u00e9quip\u00e9 d&#039;un \u00e9cran de 17&quot; ou 19&quot; est une solution typique et la plus souvent choisie pour les besoins de ?chirurgie d&#039;un jour?. Outre les param?tres de base (ECG, respiration, SpO2 et NIBP), le moniteur permet de surveiller...\" \/>\n<meta name=\"robots\" content=\"index, follow, max-snippet:-1, max-image-preview:large, max-video-preview:-1\" \/>\n<link rel=\"canonical\" href=\"https:\/\/emtel.pl\/index.php\/solutions-fr\/chirurgie-dun-jour\/\" \/>\n<meta property=\"og:locale\" content=\"pl_PL\" \/>\n<meta property=\"og:type\" content=\"article\" \/>\n<meta property=\"og:title\" content=\"Chirurgie d&#039;un jour - EMTEL - kardiomonitory, defibrylatory, profesjonalny serwis producenta\" \/>\n<meta property=\"og:description\" content=\"Le moniteur patient compact FX 3000 \u00e9quip\u00e9 d&#039;un \u00e9cran de 17&quot; ou 19&quot; est une solution typique et la plus souvent choisie pour les besoins de ?chirurgie d&#039;un jour?. Outre les param?tres de base (ECG, respiration, SpO2 et NIBP), le moniteur permet de surveiller...\" \/>\n<meta property=\"og:url\" content=\"https:\/\/emtel.pl\/index.php\/solutions-fr\/chirurgie-dun-jour\/?lang=fr\" \/>\n<meta property=\"og:site_name\" content=\"EMTEL - kardiomonitory, defibrylatory, profesjonalny serwis producenta\" \/>\n<meta property=\"article:modified_time\" content=\"2019-10-18T08:26:23+00:00\" \/>\n<meta property=\"og:image\" content=\"https:\/\/emtel.pl\/wp-content\/uploads\/2019\/04\/image001.jpg\" \/>\n\t<meta property=\"og:image:width\" content=\"800\" \/>\n\t<meta property=\"og:image:height\" content=\"1200\" \/>\n\t<meta property=\"og:image:type\" content=\"image\/jpeg\" \/>\n<meta name=\"twitter:card\" content=\"summary_large_image\" \/>\n<meta name=\"twitter:label1\" content=\"Szacowany czas czytania\" \/>\n\t<meta name=\"twitter:data1\" content=\"1 minuta\" \/>\n<script type=\"application\/ld+json\" class=\"yoast-schema-graph\">{\"@context\":\"https:\/\/schema.org\",\"@graph\":[{\"@type\":\"WebPage\",\"@id\":\"https:\/\/emtel.pl\/index.php\/solutions-fr\/chirurgie-dun-jour\/?lang=fr\",\"url\":\"https:\/\/emtel.pl\/index.php\/solutions-fr\/chirurgie-dun-jour\/?lang=fr\",\"name\":\"Chirurgie d'un jour - EMTEL - kardiomonitory, defibrylatory, profesjonalny serwis producenta\",\"isPartOf\":{\"@id\":\"https:\/\/emtel.pl\/#website\"},\"primaryImageOfPage\":{\"@id\":\"https:\/\/emtel.pl\/index.php\/solutions-fr\/chirurgie-dun-jour\/?lang=fr#primaryimage\"},\"image\":{\"@id\":\"https:\/\/emtel.pl\/index.php\/solutions-fr\/chirurgie-dun-jour\/?lang=fr#primaryimage\"},\"thumbnailUrl\":\"https:\/\/emtel.pl\/wp-content\/uploads\/2019\/04\/image001.jpg\",\"datePublished\":\"2019-05-27T16:00:57+00:00\",\"dateModified\":\"2019-10-18T08:26:23+00:00\",\"description\":\"Le moniteur patient compact FX 3000 \u00e9quip\u00e9 d'un \u00e9cran de 17\\\" ou 19\\\" est une solution typique et la plus souvent choisie pour les besoins de ?chirurgie d'un jour?. Outre les param?tres de base (ECG, respiration, SpO2 et NIBP), le moniteur permet de surveiller...\",\"breadcrumb\":{\"@id\":\"https:\/\/emtel.pl\/index.php\/solutions-fr\/chirurgie-dun-jour\/?lang=fr#breadcrumb\"},\"inLanguage\":\"pl-PL\",\"potentialAction\":[{\"@type\":\"ReadAction\",\"target\":[\"https:\/\/emtel.pl\/index.php\/solutions-fr\/chirurgie-dun-jour\/?lang=fr\"]}]},{\"@type\":\"ImageObject\",\"inLanguage\":\"pl-PL\",\"@id\":\"https:\/\/emtel.pl\/index.php\/solutions-fr\/chirurgie-dun-jour\/?lang=fr#primaryimage\",\"url\":\"https:\/\/emtel.pl\/wp-content\/uploads\/2019\/04\/image001.jpg\",\"contentUrl\":\"https:\/\/emtel.pl\/wp-content\/uploads\/2019\/04\/image001.jpg\",\"width\":800,\"height\":1200,\"caption\":\"EMTEL\"},{\"@type\":\"BreadcrumbList\",\"@id\":\"https:\/\/emtel.pl\/index.php\/solutions-fr\/chirurgie-dun-jour\/?lang=fr#breadcrumb\",\"itemListElement\":[{\"@type\":\"ListItem\",\"position\":1,\"name\":\"Strona g\u0142\u00f3wna\",\"item\":\"https:\/\/emtel.pl\/\"},{\"@type\":\"ListItem\",\"position\":2,\"name\":\"Solutions\",\"item\":\"https:\/\/emtel.pl\/index.php\/solutions-fr\/\"},{\"@type\":\"ListItem\",\"position\":3,\"name\":\"Chirurgie d&rsquo;un jour\"}]},{\"@type\":\"WebSite\",\"@id\":\"https:\/\/emtel.pl\/#website\",\"url\":\"https:\/\/emtel.pl\/\",\"name\":\"EMTEL - kardiomonitory, defibrylatory, profesjonalny serwis producenta\",\"description\":\"Technologia od serca\",\"potentialAction\":[{\"@type\":\"SearchAction\",\"target\":{\"@type\":\"EntryPoint\",\"urlTemplate\":\"https:\/\/emtel.pl\/?s={search_term_string}\"},\"query-input\":{\"@type\":\"PropertyValueSpecification\",\"valueRequired\":true,\"valueName\":\"search_term_string\"}}],\"inLanguage\":\"pl-PL\"}]}<\/script>\n<!-- \/ Yoast SEO plugin. -->","yoast_head_json":{"title":"Chirurgie d'un jour - EMTEL - kardiomonitory, defibrylatory, profesjonalny serwis producenta","description":"Le moniteur patient compact FX 3000 \u00e9quip\u00e9 d'un \u00e9cran de 17\" ou 19\" est une solution typique et la plus souvent choisie pour les besoins de ?chirurgie d'un jour?. Outre les param?tres de base (ECG, respiration, SpO2 et NIBP), le moniteur permet de surveiller...","robots":{"index":"index","follow":"follow","max-snippet":"max-snippet:-1","max-image-preview":"max-image-preview:large","max-video-preview":"max-video-preview:-1"},"canonical":"https:\/\/emtel.pl\/index.php\/solutions-fr\/chirurgie-dun-jour\/","og_locale":"pl_PL","og_type":"article","og_title":"Chirurgie d'un jour - EMTEL - kardiomonitory, defibrylatory, profesjonalny serwis producenta","og_description":"Le moniteur patient compact FX 3000 \u00e9quip\u00e9 d'un \u00e9cran de 17\" ou 19\" est une solution typique et la plus souvent choisie pour les besoins de ?chirurgie d'un jour?. Outre les param?tres de base (ECG, respiration, SpO2 et NIBP), le moniteur permet de surveiller...","og_url":"https:\/\/emtel.pl\/index.php\/solutions-fr\/chirurgie-dun-jour\/?lang=fr","og_site_name":"EMTEL - kardiomonitory, defibrylatory, profesjonalny serwis producenta","article_modified_time":"2019-10-18T08:26:23+00:00","og_image":[{"width":800,"height":1200,"url":"https:\/\/emtel.pl\/wp-content\/uploads\/2019\/04\/image001.jpg","type":"image\/jpeg"}],"twitter_card":"summary_large_image","twitter_misc":{"Szacowany czas czytania":"1 minuta"},"schema":{"@context":"https:\/\/schema.org","@graph":[{"@type":"WebPage","@id":"https:\/\/emtel.pl\/index.php\/solutions-fr\/chirurgie-dun-jour\/?lang=fr","url":"https:\/\/emtel.pl\/index.php\/solutions-fr\/chirurgie-dun-jour\/?lang=fr","name":"Chirurgie d'un jour - EMTEL - kardiomonitory, defibrylatory, profesjonalny serwis producenta","isPartOf":{"@id":"https:\/\/emtel.pl\/#website"},"primaryImageOfPage":{"@id":"https:\/\/emtel.pl\/index.php\/solutions-fr\/chirurgie-dun-jour\/?lang=fr#primaryimage"},"image":{"@id":"https:\/\/emtel.pl\/index.php\/solutions-fr\/chirurgie-dun-jour\/?lang=fr#primaryimage"},"thumbnailUrl":"https:\/\/emtel.pl\/wp-content\/uploads\/2019\/04\/image001.jpg","datePublished":"2019-05-27T16:00:57+00:00","dateModified":"2019-10-18T08:26:23+00:00","description":"Le moniteur patient compact FX 3000 \u00e9quip\u00e9 d'un \u00e9cran de 17\" ou 19\" est une solution typique et la plus souvent choisie pour les besoins de ?chirurgie d'un jour?. Outre les param?tres de base (ECG, respiration, SpO2 et NIBP), le moniteur permet de surveiller...","breadcrumb":{"@id":"https:\/\/emtel.pl\/index.php\/solutions-fr\/chirurgie-dun-jour\/?lang=fr#breadcrumb"},"inLanguage":"pl-PL","potentialAction":[{"@type":"ReadAction","target":["https:\/\/emtel.pl\/index.php\/solutions-fr\/chirurgie-dun-jour\/?lang=fr"]}]},{"@type":"ImageObject","inLanguage":"pl-PL","@id":"https:\/\/emtel.pl\/index.php\/solutions-fr\/chirurgie-dun-jour\/?lang=fr#primaryimage","url":"https:\/\/emtel.pl\/wp-content\/uploads\/2019\/04\/image001.jpg","contentUrl":"https:\/\/emtel.pl\/wp-content\/uploads\/2019\/04\/image001.jpg","width":800,"height":1200,"caption":"EMTEL"},{"@type":"BreadcrumbList","@id":"https:\/\/emtel.pl\/index.php\/solutions-fr\/chirurgie-dun-jour\/?lang=fr#breadcrumb","itemListElement":[{"@type":"ListItem","position":1,"name":"Strona g\u0142\u00f3wna","item":"https:\/\/emtel.pl\/"},{"@type":"ListItem","position":2,"name":"Solutions","item":"https:\/\/emtel.pl\/index.php\/solutions-fr\/"},{"@type":"ListItem","position":3,"name":"Chirurgie d&rsquo;un jour"}]},{"@type":"WebSite","@id":"https:\/\/emtel.pl\/#website","url":"https:\/\/emtel.pl\/","name":"EMTEL - kardiomonitory, defibrylatory, profesjonalny serwis producenta","description":"Technologia od serca","potentialAction":[{"@type":"SearchAction","target":{"@type":"EntryPoint","urlTemplate":"https:\/\/emtel.pl\/?s={search_term_string}"},"query-input":{"@type":"PropertyValueSpecification","valueRequired":true,"valueName":"search_term_string"}}],"inLanguage":"pl-PL"}]}},"_links":{"self":[{"href":"https:\/\/emtel.pl\/index.php\/wp-json\/wp\/v2\/pages\/898","targetHints":{"allow":["GET"]}}],"collection":[{"href":"https:\/\/emtel.pl\/index.php\/wp-json\/wp\/v2\/pages"}],"about":[{"href":"https:\/\/emtel.pl\/index.php\/wp-json\/wp\/v2\/types\/page"}],"author":[{"embeddable":true,"href":"https:\/\/emtel.pl\/index.php\/wp-json\/wp\/v2\/users\/1"}],"replies":[{"embeddable":true,"href":"https:\/\/emtel.pl\/index.php\/wp-json\/wp\/v2\/comments?post=898"}],"version-history":[{"count":3,"href":"https:\/\/emtel.pl\/index.php\/wp-json\/wp\/v2\/pages\/898\/revisions"}],"predecessor-version":[{"id":1895,"href":"https:\/\/emtel.pl\/index.php\/wp-json\/wp\/v2\/pages\/898\/revisions\/1895"}],"up":[{"embeddable":true,"href":"https:\/\/emtel.pl\/index.php\/wp-json\/wp\/v2\/pages\/885"}],"wp:featuredmedia":[{"embeddable":true,"href":"https:\/\/emtel.pl\/index.php\/wp-json\/wp\/v2\/media\/513"}],"wp:attachment":[{"href":"https:\/\/emtel.pl\/index.php\/wp-json\/wp\/v2\/media?parent=898"}],"curies":[{"name":"wp","href":"https:\/\/api.w.org\/{rel}","templated":true}]}}