{"id":914,"date":"2019-05-29T12:48:57","date_gmt":"2019-05-29T10:48:57","guid":{"rendered":"http:\/\/emtel.pl\/?page_id=914"},"modified":"2021-11-22T08:44:59","modified_gmt":"2021-11-22T07:44:59","slug":"sav-service-apres-vente","status":"publish","type":"page","link":"https:\/\/emtel.pl\/index.php\/sav-service-apres-vente\/?lang=fr","title":{"rendered":"SAV (service apr\u00e8s-vente)"},"content":{"rendered":"<section class=\"l-section wpb_row us_custom_b91424ac height_small\"><div class=\"l-section-h i-cf\"><div class=\"g-cols vc_row via_flex valign_top type_default stacking_default\"><div class=\"vc_col-sm-6 wpb_column vc_column_container\"><div class=\"vc_column-inner\"><div class=\"wpb_wrapper\"><div class=\"wpb_text_column\"><div class=\"wpb_wrapper\"><div class=\"ce_text block\">\n<div class=\"ce_text block\">\n<div class=\"ce_text block\">\n<p>En tant que fabricant de dispositifs m\u00e9dicaux de pointe, nous comprenons l&#8217;importance de fournir un service technique rapide et fiable \u00e0 nos clients.<\/p>\n<p>Afin de r\u00e9pondre aux besoins de nos clients en Pologne et \u00e0 l&#8217;\u00e9tranger, EMTEL a d\u00e9velopp\u00e9 une \u00e9quipe de service compos\u00e9e d&#8217;ing\u00e9nieurs exp\u00e9riment\u00e9s et d&#8217;informaticiens.<\/p>\n<p><strong>Toutes les informations de service sont fournies par :<\/strong><\/p>\n<\/div>\n<\/div>\n<\/div>\n<\/div><\/div><div class=\"g-cols wpb_row us_custom_e4829de3 via_flex valign_top type_default stacking_default\"><div class=\"vc_col-sm-12 wpb_column vc_column_container\"><div class=\"vc_column-inner\"><div class=\"wpb_wrapper\"><div class=\"wpb_text_column\"><div class=\"wpb_wrapper\"><p><strong>Marcin \u015aliwa<\/strong><br \/>\nInformations techniques et consultations de service<\/p>\n<\/div><\/div><\/div><\/div><\/div><\/div><\/div><\/div><\/div><div class=\"vc_col-sm-6 wpb_column vc_column_container\"><div class=\"vc_column-inner\"><div class=\"wpb_wrapper\"><div class=\"wpb_text_column\"><div class=\"wpb_wrapper\"><p><strong>Veuillez utiliser le fax, le num\u00e9ro de t\u00e9l\u00e9phone et l&#8217;adresse e-mail suivants pour contacter notre service :<\/strong><\/p>\n<table>\n<tbody>\n<tr>\n<td class=\"td02\" width=\"150\">T\u00e9l\u00e9phone :<\/td>\n<td class=\"td02\">+48 32 271 90 13<\/td>\n<\/tr>\n<tr>\n<td class=\"td02\">Fax :<\/td>\n<td class=\"td02\">+48 32 271 57 27<\/td>\n<\/tr>\n<tr>\n<td class=\"td02\">E-mail :<\/td>\n<td class=\"td02\"><a href=\"mailto:medical@emtel.com.pl \">medical@emtel.pl <\/a><\/td>\n<\/tr>\n<tr>\n<td class=\"td02\">Courrier :<\/td>\n<td class=\"td02\">EMTEL, 41-807 Zabrze, A. Mickiewicza 66, POLOGNE<\/td>\n<\/tr>\n<\/tbody>\n<\/table>\n<\/div><\/div><\/div><\/div><\/div><\/div><\/div><\/section><section class=\"l-section wpb_row height_small\"><div class=\"l-section-h i-cf\"><div class=\"g-cols vc_row via_flex valign_top type_default stacking_default\"><div class=\"vc_col-sm-12 wpb_column vc_column_container\"><div class=\"vc_column-inner\"><div class=\"wpb_wrapper\"><div class=\"wpb_text_column\"><div class=\"wpb_wrapper\"><p>Lorsque vous nous contactez, veuillez fournir les informations suivantes :<\/p>\n<ul>\n<li>le num\u00e9ro de s\u00e9rie du produit,<\/li>\n<li>une br\u00e8ve description du probl\u00e8me,<\/li>\n<li>vos coordonn\u00e9es.<\/li>\n<\/ul>\n<\/div><\/div><\/div><\/div><\/div><\/div><\/div><\/section>\n","protected":false},"excerpt":{"rendered":"En tant que fabricant de dispositifs m\u00e9dicaux de pointe, nous comprenons l&#8217;importance de fournir un service technique rapide et fiable \u00e0 nos clients. Afin de r\u00e9pondre aux besoins de nos clients en Pologne et \u00e0 l&#8217;\u00e9tranger, EMTEL a d\u00e9velopp\u00e9 une \u00e9quipe de service compos\u00e9e d&#8217;ing\u00e9nieurs exp\u00e9riment\u00e9s et d&#8217;informaticiens. Toutes les informations de service sont fournies...","protected":false},"author":1,"featured_media":0,"parent":0,"menu_order":5,"comment_status":"closed","ping_status":"closed","template":"","meta":{"_jet_sm_ready_style":"","_jet_sm_style":"","_jet_sm_controls_values":"","_jet_sm_fonts_collection":"","_jet_sm_fonts_links":"","footnotes":"","_links_to":"","_links_to_target":""},"class_list":["post-914","page","type-page","status-publish","hentry"],"yoast_head":"<!-- This site is optimized with the Yoast SEO plugin v26.6 - https:\/\/yoast.com\/wordpress\/plugins\/seo\/ -->\n<title>SAV (service apr\u00e8s-vente) - EMTEL - kardiomonitory, defibrylatory, profesjonalny serwis producenta<\/title>\n<meta name=\"description\" content=\"En tant que fabricant de dispositifs m\u00e9dicaux de pointe, nous comprenons l&#039;importance de fournir un service technique rapide et fiable ? nos clients.Afin de r\u00e9pondre aux besoins de nos clients en Pologne et ? l&#039;\u00e9tranger, EMTEL a d\u00e9velopp\u00e9 une \u00e9quipe de service compos\u00e9e d&#039;ing\u00e9nieurs exp\u00e9riment\u00e9s et d&#039;informaticiens.\" \/>\n<meta name=\"robots\" content=\"index, follow, max-snippet:-1, max-image-preview:large, max-video-preview:-1\" \/>\n<link rel=\"canonical\" href=\"https:\/\/emtel.pl\/index.php\/sav-service-apres-vente\/\" \/>\n<meta property=\"og:locale\" content=\"pl_PL\" \/>\n<meta property=\"og:type\" content=\"article\" \/>\n<meta property=\"og:title\" content=\"SAV (service apr\u00e8s-vente) - EMTEL - kardiomonitory, defibrylatory, profesjonalny serwis producenta\" \/>\n<meta property=\"og:description\" content=\"En tant que fabricant de dispositifs m\u00e9dicaux de pointe, nous comprenons l&#039;importance de fournir un service technique rapide et fiable ? nos clients.Afin de r\u00e9pondre aux besoins de nos clients en Pologne et ? l&#039;\u00e9tranger, EMTEL a d\u00e9velopp\u00e9 une \u00e9quipe de service compos\u00e9e d&#039;ing\u00e9nieurs exp\u00e9riment\u00e9s et d&#039;informaticiens.\" \/>\n<meta property=\"og:url\" content=\"https:\/\/emtel.pl\/index.php\/sav-service-apres-vente\/?lang=fr\" \/>\n<meta property=\"og:site_name\" content=\"EMTEL - kardiomonitory, defibrylatory, profesjonalny serwis producenta\" \/>\n<meta property=\"article:modified_time\" content=\"2021-11-22T07:44:59+00:00\" \/>\n<meta name=\"twitter:card\" content=\"summary_large_image\" \/>\n<meta name=\"twitter:label1\" content=\"Szacowany czas czytania\" \/>\n\t<meta name=\"twitter:data1\" content=\"1 minuta\" \/>\n<script type=\"application\/ld+json\" class=\"yoast-schema-graph\">{\"@context\":\"https:\/\/schema.org\",\"@graph\":[{\"@type\":\"WebPage\",\"@id\":\"https:\/\/emtel.pl\/index.php\/sav-service-apres-vente\/?lang=fr\",\"url\":\"https:\/\/emtel.pl\/index.php\/sav-service-apres-vente\/?lang=fr\",\"name\":\"SAV (service apr\u00e8s-vente) - EMTEL - kardiomonitory, defibrylatory, profesjonalny serwis producenta\",\"isPartOf\":{\"@id\":\"https:\/\/emtel.pl\/#website\"},\"datePublished\":\"2019-05-29T10:48:57+00:00\",\"dateModified\":\"2021-11-22T07:44:59+00:00\",\"description\":\"En tant que fabricant de dispositifs m\u00e9dicaux de pointe, nous comprenons l'importance de fournir un service technique rapide et fiable ? nos clients.Afin de r\u00e9pondre aux besoins de nos clients en Pologne et ? l'\u00e9tranger, EMTEL a d\u00e9velopp\u00e9 une \u00e9quipe de service compos\u00e9e d'ing\u00e9nieurs exp\u00e9riment\u00e9s et d'informaticiens.\",\"breadcrumb\":{\"@id\":\"https:\/\/emtel.pl\/index.php\/sav-service-apres-vente\/?lang=fr#breadcrumb\"},\"inLanguage\":\"pl-PL\",\"potentialAction\":[{\"@type\":\"ReadAction\",\"target\":[\"https:\/\/emtel.pl\/index.php\/sav-service-apres-vente\/?lang=fr\"]}]},{\"@type\":\"BreadcrumbList\",\"@id\":\"https:\/\/emtel.pl\/index.php\/sav-service-apres-vente\/?lang=fr#breadcrumb\",\"itemListElement\":[{\"@type\":\"ListItem\",\"position\":1,\"name\":\"Strona g\u0142\u00f3wna\",\"item\":\"https:\/\/emtel.pl\/\"},{\"@type\":\"ListItem\",\"position\":2,\"name\":\"SAV (service apr\u00e8s-vente)\"}]},{\"@type\":\"WebSite\",\"@id\":\"https:\/\/emtel.pl\/#website\",\"url\":\"https:\/\/emtel.pl\/\",\"name\":\"EMTEL - kardiomonitory, defibrylatory, profesjonalny serwis producenta\",\"description\":\"Technologia od serca\",\"potentialAction\":[{\"@type\":\"SearchAction\",\"target\":{\"@type\":\"EntryPoint\",\"urlTemplate\":\"https:\/\/emtel.pl\/?s={search_term_string}\"},\"query-input\":{\"@type\":\"PropertyValueSpecification\",\"valueRequired\":true,\"valueName\":\"search_term_string\"}}],\"inLanguage\":\"pl-PL\"}]}<\/script>\n<!-- \/ Yoast SEO plugin. -->","yoast_head_json":{"title":"SAV (service apr\u00e8s-vente) - EMTEL - kardiomonitory, defibrylatory, profesjonalny serwis producenta","description":"En tant que fabricant de dispositifs m\u00e9dicaux de pointe, nous comprenons l'importance de fournir un service technique rapide et fiable ? nos clients.Afin de r\u00e9pondre aux besoins de nos clients en Pologne et ? l'\u00e9tranger, EMTEL a d\u00e9velopp\u00e9 une \u00e9quipe de service compos\u00e9e d'ing\u00e9nieurs exp\u00e9riment\u00e9s et d'informaticiens.","robots":{"index":"index","follow":"follow","max-snippet":"max-snippet:-1","max-image-preview":"max-image-preview:large","max-video-preview":"max-video-preview:-1"},"canonical":"https:\/\/emtel.pl\/index.php\/sav-service-apres-vente\/","og_locale":"pl_PL","og_type":"article","og_title":"SAV (service apr\u00e8s-vente) - EMTEL - kardiomonitory, defibrylatory, profesjonalny serwis producenta","og_description":"En tant que fabricant de dispositifs m\u00e9dicaux de pointe, nous comprenons l'importance de fournir un service technique rapide et fiable ? nos clients.Afin de r\u00e9pondre aux besoins de nos clients en Pologne et ? l'\u00e9tranger, EMTEL a d\u00e9velopp\u00e9 une \u00e9quipe de service compos\u00e9e d'ing\u00e9nieurs exp\u00e9riment\u00e9s et d'informaticiens.","og_url":"https:\/\/emtel.pl\/index.php\/sav-service-apres-vente\/?lang=fr","og_site_name":"EMTEL - kardiomonitory, defibrylatory, profesjonalny serwis producenta","article_modified_time":"2021-11-22T07:44:59+00:00","twitter_card":"summary_large_image","twitter_misc":{"Szacowany czas czytania":"1 minuta"},"schema":{"@context":"https:\/\/schema.org","@graph":[{"@type":"WebPage","@id":"https:\/\/emtel.pl\/index.php\/sav-service-apres-vente\/?lang=fr","url":"https:\/\/emtel.pl\/index.php\/sav-service-apres-vente\/?lang=fr","name":"SAV (service apr\u00e8s-vente) - EMTEL - kardiomonitory, defibrylatory, profesjonalny serwis producenta","isPartOf":{"@id":"https:\/\/emtel.pl\/#website"},"datePublished":"2019-05-29T10:48:57+00:00","dateModified":"2021-11-22T07:44:59+00:00","description":"En tant que fabricant de dispositifs m\u00e9dicaux de pointe, nous comprenons l'importance de fournir un service technique rapide et fiable ? nos clients.Afin de r\u00e9pondre aux besoins de nos clients en Pologne et ? l'\u00e9tranger, EMTEL a d\u00e9velopp\u00e9 une \u00e9quipe de service compos\u00e9e d'ing\u00e9nieurs exp\u00e9riment\u00e9s et d'informaticiens.","breadcrumb":{"@id":"https:\/\/emtel.pl\/index.php\/sav-service-apres-vente\/?lang=fr#breadcrumb"},"inLanguage":"pl-PL","potentialAction":[{"@type":"ReadAction","target":["https:\/\/emtel.pl\/index.php\/sav-service-apres-vente\/?lang=fr"]}]},{"@type":"BreadcrumbList","@id":"https:\/\/emtel.pl\/index.php\/sav-service-apres-vente\/?lang=fr#breadcrumb","itemListElement":[{"@type":"ListItem","position":1,"name":"Strona g\u0142\u00f3wna","item":"https:\/\/emtel.pl\/"},{"@type":"ListItem","position":2,"name":"SAV (service apr\u00e8s-vente)"}]},{"@type":"WebSite","@id":"https:\/\/emtel.pl\/#website","url":"https:\/\/emtel.pl\/","name":"EMTEL - kardiomonitory, defibrylatory, profesjonalny serwis producenta","description":"Technologia od serca","potentialAction":[{"@type":"SearchAction","target":{"@type":"EntryPoint","urlTemplate":"https:\/\/emtel.pl\/?s={search_term_string}"},"query-input":{"@type":"PropertyValueSpecification","valueRequired":true,"valueName":"search_term_string"}}],"inLanguage":"pl-PL"}]}},"_links":{"self":[{"href":"https:\/\/emtel.pl\/index.php\/wp-json\/wp\/v2\/pages\/914","targetHints":{"allow":["GET"]}}],"collection":[{"href":"https:\/\/emtel.pl\/index.php\/wp-json\/wp\/v2\/pages"}],"about":[{"href":"https:\/\/emtel.pl\/index.php\/wp-json\/wp\/v2\/types\/page"}],"author":[{"embeddable":true,"href":"https:\/\/emtel.pl\/index.php\/wp-json\/wp\/v2\/users\/1"}],"replies":[{"embeddable":true,"href":"https:\/\/emtel.pl\/index.php\/wp-json\/wp\/v2\/comments?post=914"}],"version-history":[{"count":10,"href":"https:\/\/emtel.pl\/index.php\/wp-json\/wp\/v2\/pages\/914\/revisions"}],"predecessor-version":[{"id":2388,"href":"https:\/\/emtel.pl\/index.php\/wp-json\/wp\/v2\/pages\/914\/revisions\/2388"}],"wp:attachment":[{"href":"https:\/\/emtel.pl\/index.php\/wp-json\/wp\/v2\/media?parent=914"}],"curies":[{"name":"wp","href":"https:\/\/api.w.org\/{rel}","templated":true}]}}