{"id":923,"date":"2019-05-29T13:23:13","date_gmt":"2019-05-29T11:23:13","guid":{"rendered":"http:\/\/emtel.pl\/?page_id=923"},"modified":"2020-12-01T12:26:44","modified_gmt":"2020-12-01T11:26:44","slug":"clients","status":"publish","type":"page","link":"https:\/\/emtel.pl\/index.php\/entreprise\/clients\/?lang=fr","title":{"rendered":"Clients"},"content":{"rendered":"<section class=\"l-section wpb_row height_small\"><div class=\"l-section-h i-cf\"><div class=\"g-cols vc_row via_flex valign_top type_default stacking_default\"><div class=\"vc_col-sm-6 wpb_column vc_column_container\"><div class=\"vc_column-inner\"><div class=\"wpb_wrapper\"><div class=\"wpb_text_column us_custom_8d5aa4e2\"><div class=\"wpb_wrapper\"><h2>Emtel dans le monde<\/h2>\n<\/div><\/div><div class=\"w-image align_center\"><div class=\"w-image-h\"><img decoding=\"async\" width=\"600\" height=\"259\" src=\"https:\/\/emtel.pl\/wp-content\/uploads\/2019\/04\/emtel-na-swiecie.png\" class=\"attachment-full size-full\" alt=\"\" loading=\"lazy\" srcset=\"https:\/\/emtel.pl\/wp-content\/uploads\/2019\/04\/emtel-na-swiecie.png 600w, https:\/\/emtel.pl\/wp-content\/uploads\/2019\/04\/emtel-na-swiecie-300x130.png 300w\" sizes=\"auto, (max-width: 600px) 100vw, 600px\" \/><\/div><\/div><\/div><\/div><\/div><div class=\"vc_col-sm-6 wpb_column vc_column_container\"><div class=\"vc_column-inner\"><div class=\"wpb_wrapper\"><div class=\"wpb_text_column us_custom_8d5aa4e2\"><div class=\"wpb_wrapper\"><h2>Clients<\/h2>\n<\/div><\/div><div class=\"wpb_text_column\"><div class=\"wpb_wrapper\"><p>Au cours des 25 derni\u00e8res ann\u00e9es, EMTEL a \u00e9tabli des relations de confiance avec ses clients. L&#8217;entreprise a fabriqu\u00e9 des milliers de moniteurs et de d\u00e9fibrillateurs pour les h\u00f4pitaux, les cliniques et les centres de chirurgie d&#8217;un jour en Pologne et dans le monde entier. Les r\u00e9sultats \u00e9taient solides.<\/p>\n<\/div><\/div><\/div><\/div><\/div><\/div><\/div><\/section>\n","protected":false},"excerpt":{"rendered":"Emtel dans le monde Clients Au cours des 25 derni\u00e8res ann\u00e9es, EMTEL a \u00e9tabli des relations de confiance avec ses clients. L&#8217;entreprise a fabriqu\u00e9 des milliers de moniteurs et de d\u00e9fibrillateurs pour les h\u00f4pitaux, les cliniques et les centres de chirurgie d&#8217;un jour en Pologne et dans le monde entier. Les r\u00e9sultats \u00e9taient solides.","protected":false},"author":1,"featured_media":0,"parent":917,"menu_order":3,"comment_status":"closed","ping_status":"closed","template":"","meta":{"_jet_sm_ready_style":"","_jet_sm_style":"","_jet_sm_controls_values":"","_jet_sm_fonts_collection":"","_jet_sm_fonts_links":"","footnotes":"","_links_to":"","_links_to_target":""},"class_list":["post-923","page","type-page","status-publish","hentry"],"yoast_head":"<!-- This site is optimized with the Yoast SEO plugin v26.6 - https:\/\/yoast.com\/wordpress\/plugins\/seo\/ -->\n<title>Clients - EMTEL - kardiomonitory, defibrylatory, profesjonalny serwis producenta<\/title>\n<meta name=\"description\" content=\"Au cours des 25 derni\u00e8res ann\u00e9es, EMTEL a \u00e9tabli des relations de confiance avec ses clients. L&#039;entreprise a fabriqu\u00e9 des milliers de moniteurs et de d\u00e9fibrillateurs pour les h\u00f4pitaux, les cliniques et les centres de chirurgie d&#039;un jour en Pologne et dans le monde entier. Les r\u00e9sultats \u00e9taient solides.\" \/>\n<meta name=\"robots\" content=\"index, follow, max-snippet:-1, max-image-preview:large, max-video-preview:-1\" \/>\n<link rel=\"canonical\" href=\"https:\/\/emtel.pl\/index.php\/entreprise\/clients\/\" \/>\n<meta property=\"og:locale\" content=\"pl_PL\" \/>\n<meta property=\"og:type\" content=\"article\" \/>\n<meta property=\"og:title\" content=\"Clients - EMTEL - kardiomonitory, defibrylatory, profesjonalny serwis producenta\" \/>\n<meta property=\"og:description\" content=\"Au cours des 25 derni\u00e8res ann\u00e9es, EMTEL a \u00e9tabli des relations de confiance avec ses clients. L&#039;entreprise a fabriqu\u00e9 des milliers de moniteurs et de d\u00e9fibrillateurs pour les h\u00f4pitaux, les cliniques et les centres de chirurgie d&#039;un jour en Pologne et dans le monde entier. Les r\u00e9sultats \u00e9taient solides.\" \/>\n<meta property=\"og:url\" content=\"https:\/\/emtel.pl\/index.php\/entreprise\/clients\/?lang=fr\" \/>\n<meta property=\"og:site_name\" content=\"EMTEL - kardiomonitory, defibrylatory, profesjonalny serwis producenta\" \/>\n<meta property=\"article:modified_time\" content=\"2020-12-01T11:26:44+00:00\" \/>\n<meta name=\"twitter:card\" content=\"summary_large_image\" \/>\n<meta name=\"twitter:label1\" content=\"Szacowany czas czytania\" \/>\n\t<meta name=\"twitter:data1\" content=\"1 minuta\" \/>\n<script type=\"application\/ld+json\" class=\"yoast-schema-graph\">{\"@context\":\"https:\/\/schema.org\",\"@graph\":[{\"@type\":\"WebPage\",\"@id\":\"https:\/\/emtel.pl\/index.php\/entreprise\/clients\/?lang=fr\",\"url\":\"https:\/\/emtel.pl\/index.php\/entreprise\/clients\/?lang=fr\",\"name\":\"Clients - EMTEL - kardiomonitory, defibrylatory, profesjonalny serwis producenta\",\"isPartOf\":{\"@id\":\"https:\/\/emtel.pl\/#website\"},\"datePublished\":\"2019-05-29T11:23:13+00:00\",\"dateModified\":\"2020-12-01T11:26:44+00:00\",\"description\":\"Au cours des 25 derni\u00e8res ann\u00e9es, EMTEL a \u00e9tabli des relations de confiance avec ses clients. L'entreprise a fabriqu\u00e9 des milliers de moniteurs et de d\u00e9fibrillateurs pour les h\u00f4pitaux, les cliniques et les centres de chirurgie d'un jour en Pologne et dans le monde entier. Les r\u00e9sultats \u00e9taient solides.\",\"breadcrumb\":{\"@id\":\"https:\/\/emtel.pl\/index.php\/entreprise\/clients\/?lang=fr#breadcrumb\"},\"inLanguage\":\"pl-PL\",\"potentialAction\":[{\"@type\":\"ReadAction\",\"target\":[\"https:\/\/emtel.pl\/index.php\/entreprise\/clients\/?lang=fr\"]}]},{\"@type\":\"BreadcrumbList\",\"@id\":\"https:\/\/emtel.pl\/index.php\/entreprise\/clients\/?lang=fr#breadcrumb\",\"itemListElement\":[{\"@type\":\"ListItem\",\"position\":1,\"name\":\"Strona g\u0142\u00f3wna\",\"item\":\"https:\/\/emtel.pl\/\"},{\"@type\":\"ListItem\",\"position\":2,\"name\":\"Entreprise\",\"item\":\"https:\/\/emtel.pl\/index.php\/entreprise\/\"},{\"@type\":\"ListItem\",\"position\":3,\"name\":\"Clients\"}]},{\"@type\":\"WebSite\",\"@id\":\"https:\/\/emtel.pl\/#website\",\"url\":\"https:\/\/emtel.pl\/\",\"name\":\"EMTEL - kardiomonitory, defibrylatory, profesjonalny serwis producenta\",\"description\":\"Technologia od serca\",\"potentialAction\":[{\"@type\":\"SearchAction\",\"target\":{\"@type\":\"EntryPoint\",\"urlTemplate\":\"https:\/\/emtel.pl\/?s={search_term_string}\"},\"query-input\":{\"@type\":\"PropertyValueSpecification\",\"valueRequired\":true,\"valueName\":\"search_term_string\"}}],\"inLanguage\":\"pl-PL\"}]}<\/script>\n<!-- \/ Yoast SEO plugin. -->","yoast_head_json":{"title":"Clients - EMTEL - kardiomonitory, defibrylatory, profesjonalny serwis producenta","description":"Au cours des 25 derni\u00e8res ann\u00e9es, EMTEL a \u00e9tabli des relations de confiance avec ses clients. L'entreprise a fabriqu\u00e9 des milliers de moniteurs et de d\u00e9fibrillateurs pour les h\u00f4pitaux, les cliniques et les centres de chirurgie d'un jour en Pologne et dans le monde entier. Les r\u00e9sultats \u00e9taient solides.","robots":{"index":"index","follow":"follow","max-snippet":"max-snippet:-1","max-image-preview":"max-image-preview:large","max-video-preview":"max-video-preview:-1"},"canonical":"https:\/\/emtel.pl\/index.php\/entreprise\/clients\/","og_locale":"pl_PL","og_type":"article","og_title":"Clients - EMTEL - kardiomonitory, defibrylatory, profesjonalny serwis producenta","og_description":"Au cours des 25 derni\u00e8res ann\u00e9es, EMTEL a \u00e9tabli des relations de confiance avec ses clients. L'entreprise a fabriqu\u00e9 des milliers de moniteurs et de d\u00e9fibrillateurs pour les h\u00f4pitaux, les cliniques et les centres de chirurgie d'un jour en Pologne et dans le monde entier. Les r\u00e9sultats \u00e9taient solides.","og_url":"https:\/\/emtel.pl\/index.php\/entreprise\/clients\/?lang=fr","og_site_name":"EMTEL - kardiomonitory, defibrylatory, profesjonalny serwis producenta","article_modified_time":"2020-12-01T11:26:44+00:00","twitter_card":"summary_large_image","twitter_misc":{"Szacowany czas czytania":"1 minuta"},"schema":{"@context":"https:\/\/schema.org","@graph":[{"@type":"WebPage","@id":"https:\/\/emtel.pl\/index.php\/entreprise\/clients\/?lang=fr","url":"https:\/\/emtel.pl\/index.php\/entreprise\/clients\/?lang=fr","name":"Clients - EMTEL - kardiomonitory, defibrylatory, profesjonalny serwis producenta","isPartOf":{"@id":"https:\/\/emtel.pl\/#website"},"datePublished":"2019-05-29T11:23:13+00:00","dateModified":"2020-12-01T11:26:44+00:00","description":"Au cours des 25 derni\u00e8res ann\u00e9es, EMTEL a \u00e9tabli des relations de confiance avec ses clients. L'entreprise a fabriqu\u00e9 des milliers de moniteurs et de d\u00e9fibrillateurs pour les h\u00f4pitaux, les cliniques et les centres de chirurgie d'un jour en Pologne et dans le monde entier. Les r\u00e9sultats \u00e9taient solides.","breadcrumb":{"@id":"https:\/\/emtel.pl\/index.php\/entreprise\/clients\/?lang=fr#breadcrumb"},"inLanguage":"pl-PL","potentialAction":[{"@type":"ReadAction","target":["https:\/\/emtel.pl\/index.php\/entreprise\/clients\/?lang=fr"]}]},{"@type":"BreadcrumbList","@id":"https:\/\/emtel.pl\/index.php\/entreprise\/clients\/?lang=fr#breadcrumb","itemListElement":[{"@type":"ListItem","position":1,"name":"Strona g\u0142\u00f3wna","item":"https:\/\/emtel.pl\/"},{"@type":"ListItem","position":2,"name":"Entreprise","item":"https:\/\/emtel.pl\/index.php\/entreprise\/"},{"@type":"ListItem","position":3,"name":"Clients"}]},{"@type":"WebSite","@id":"https:\/\/emtel.pl\/#website","url":"https:\/\/emtel.pl\/","name":"EMTEL - kardiomonitory, defibrylatory, profesjonalny serwis producenta","description":"Technologia od serca","potentialAction":[{"@type":"SearchAction","target":{"@type":"EntryPoint","urlTemplate":"https:\/\/emtel.pl\/?s={search_term_string}"},"query-input":{"@type":"PropertyValueSpecification","valueRequired":true,"valueName":"search_term_string"}}],"inLanguage":"pl-PL"}]}},"_links":{"self":[{"href":"https:\/\/emtel.pl\/index.php\/wp-json\/wp\/v2\/pages\/923","targetHints":{"allow":["GET"]}}],"collection":[{"href":"https:\/\/emtel.pl\/index.php\/wp-json\/wp\/v2\/pages"}],"about":[{"href":"https:\/\/emtel.pl\/index.php\/wp-json\/wp\/v2\/types\/page"}],"author":[{"embeddable":true,"href":"https:\/\/emtel.pl\/index.php\/wp-json\/wp\/v2\/users\/1"}],"replies":[{"embeddable":true,"href":"https:\/\/emtel.pl\/index.php\/wp-json\/wp\/v2\/comments?post=923"}],"version-history":[{"count":5,"href":"https:\/\/emtel.pl\/index.php\/wp-json\/wp\/v2\/pages\/923\/revisions"}],"predecessor-version":[{"id":2141,"href":"https:\/\/emtel.pl\/index.php\/wp-json\/wp\/v2\/pages\/923\/revisions\/2141"}],"up":[{"embeddable":true,"href":"https:\/\/emtel.pl\/index.php\/wp-json\/wp\/v2\/pages\/917"}],"wp:attachment":[{"href":"https:\/\/emtel.pl\/index.php\/wp-json\/wp\/v2\/media?parent=923"}],"curies":[{"name":"wp","href":"https:\/\/api.w.org\/{rel}","templated":true}]}}