{"id":97,"date":"2019-03-27T15:10:03","date_gmt":"2019-03-27T14:10:03","guid":{"rendered":"http:\/\/emtel.pl\/?page_id=97"},"modified":"2025-11-17T17:03:21","modified_gmt":"2025-11-17T16:03:21","slug":"system-centralnego-nadzoru-fx-3000c","status":"publish","type":"page","link":"https:\/\/emtel.pl\/index.php\/produkty\/system-centralnego-nadzoru-fx-3000c\/","title":{"rendered":"System centralnego nadzoru FX&nbsp;3000C"},"content":{"rendered":"<section class=\"l-section wpb_row height_small\"><div class=\"l-section-h i-cf\"><div class=\"g-cols vc_row via_flex valign_top type_default stacking_default\"><div class=\"vc_col-sm-12 wpb_column vc_column_container\"><div class=\"vc_column-inner\"><div class=\"wpb_wrapper\"><div class=\"wpb_text_column\"><div class=\"wpb_wrapper\"><p><strong> System nadzoru FX 3000 sk\u0142ada si\u0119 z kardiomonitor\u00f3w przy\u0142\u00f3\u017ckowych typu FX 3000, FX 3000MD i FX 3000P oraz kardiomonitora FX 3000C pracuj\u0105cego jako centrala monitoruj\u0105ca. Transmisj\u0119 danych mi\u0119dzy monitorami i central\u0105 zapewnia szybka i bardzo nowoczesna sie\u0107 Ethernet. Takie rozwi\u0105zanie daje szerokie mo\u017cliwo\u015bci rozbudowy systemu oraz pod\u0142\u0105czenie go do centralnej sieci komputerowej szpitala. <\/strong><\/p>\n<p>Opr\u00f3cz transmisji danych mi\u0119dzy kardiomonitorami i central\u0105 jest mo\u017cliwa transmisja danych pomi\u0119dzy samymi kardiomonitorami tzw. transmisja interaktywna, pozwalaj\u0105ca na zdalny podgl\u0105d kardiomonitor\u00f3w, co zdecydowanie u\u0142atwia nadz\u00f3r nad ca\u0142ym systemem.<\/p>\n<\/div><\/div><\/div><\/div><\/div><\/div><\/div><\/section><section class=\"l-section wpb_row us_custom_84975378 height_small\"><div class=\"l-section-h i-cf\"><div class=\"g-cols vc_row via_flex valign_top type_default stacking_default\"><div class=\"vc_col-sm-12 wpb_column vc_column_container\"><div class=\"vc_column-inner\"><div class=\"wpb_wrapper\">\n\t\t\t<!-- START FX 3000C REVOLUTION SLIDER 6.7.40 --><p class=\"rs-p-wp-fix\"><\/p>\n\t\t\t<rs-module-wrap id=\"rev_slider_8_1_wrapper\" data-source=\"gallery\" style=\"visibility:hidden;background:transparent;padding:0;margin:0px auto;margin-top:0;margin-bottom:0;\">\n\t\t\t\t<rs-module id=\"rev_slider_8_1\" class=\" rs-ov-hidden\" style=\"\" data-version=\"6.7.40\">\n\t\t\t\t\t<rs-slides style=\"overflow: hidden; position: absolute;\">\n\t\t\t\t\t\t<rs-slide style=\"position: absolute;\" data-key=\"rs-40\" data-title=\"Slide\" data-thumb=\"\/\/emtel.pl\/wp-content\/uploads\/2025\/11\/Centrala-19-DSC02234-PL-125x125.jpg\" data-anim=\"ms:600;\" data-in=\"o:0;\" data-out=\"a:false;\">\n\t\t\t\t\t\t\t<img decoding=\"async\" src=\"\/\/emtel.pl\/wp-content\/plugins\/revslider\/sr6\/assets\/assets\/dummy.png\" alt=\"FX 3000C\" title=\"FX 3000C\" width=\"2000\" height=\"1333\" class=\"rev-slidebg tp-rs-img rs-lazyload\" data-lazyload=\"\/\/emtel.pl\/wp-content\/uploads\/2025\/11\/Centrala-19-DSC02234-PL.jpg\" data-bg=\"f:contain;\" data-no-retina>\n<!---->\t\t\t\t\t<\/rs-slide>\n\t\t\t\t\t\t<rs-slide style=\"position: absolute;\" data-key=\"rs-70\" data-title=\"Slide\" data-thumb=\"\/\/emtel.pl\/wp-content\/uploads\/2025\/11\/Centrala-19-DSC02255-PL-125x125.jpg\" data-anim=\"ms:600;\" data-in=\"o:0;\" data-out=\"a:false;\">\n\t\t\t\t\t\t\t<img decoding=\"async\" src=\"\/\/emtel.pl\/wp-content\/plugins\/revslider\/sr6\/assets\/assets\/dummy.png\" alt=\"FX 3000C\" title=\"FX 3000C\" width=\"2000\" height=\"1333\" class=\"rev-slidebg tp-rs-img rs-lazyload\" data-lazyload=\"\/\/emtel.pl\/wp-content\/uploads\/2025\/11\/Centrala-19-DSC02255-PL.jpg\" data-bg=\"f:contain;\" data-no-retina>\n<!---->\t\t\t\t\t<\/rs-slide>\n\t\t\t\t\t\t<rs-slide style=\"position: absolute;\" data-key=\"rs-71\" data-title=\"Slide\" data-thumb=\"\/\/emtel.pl\/wp-content\/uploads\/2025\/11\/Centrala-24-DSC02207-PL-125x125.jpg\" data-anim=\"ms:600;\" data-in=\"o:0;\" data-out=\"a:false;\">\n\t\t\t\t\t\t\t<img decoding=\"async\" src=\"\/\/emtel.pl\/wp-content\/plugins\/revslider\/sr6\/assets\/assets\/dummy.png\" alt=\"FX 3000C\" title=\"FX 3000C\" width=\"2000\" height=\"1333\" class=\"rev-slidebg tp-rs-img rs-lazyload\" data-lazyload=\"\/\/emtel.pl\/wp-content\/uploads\/2025\/11\/Centrala-24-DSC02207-PL.jpg\" data-bg=\"f:contain;\" data-no-retina>\n<!---->\t\t\t\t\t<\/rs-slide>\n\t\t\t\t\t\t<rs-slide style=\"position: absolute;\" data-key=\"rs-72\" data-title=\"Slide\" data-thumb=\"\/\/emtel.pl\/wp-content\/uploads\/2025\/11\/Centrala-24-DSC02209-PL-125x125.jpg\" data-anim=\"ms:600;\" data-in=\"o:0;\" data-out=\"a:false;\">\n\t\t\t\t\t\t\t<img decoding=\"async\" src=\"\/\/emtel.pl\/wp-content\/plugins\/revslider\/sr6\/assets\/assets\/dummy.png\" alt=\"FX 3000C\" title=\"Centrala 24 DSC02209 PL\" width=\"2000\" height=\"1333\" class=\"rev-slidebg tp-rs-img rs-lazyload\" data-lazyload=\"\/\/emtel.pl\/wp-content\/uploads\/2025\/11\/Centrala-24-DSC02209-PL.jpg\" data-bg=\"f:contain;\" data-no-retina>\n<!---->\t\t\t\t\t<\/rs-slide>\n\t\t\t\t\t\t<rs-slide style=\"position: absolute;\" data-key=\"rs-77\" data-title=\"Slide\" data-thumb=\"\/\/emtel.pl\/wp-content\/uploads\/2025\/11\/centrala-125x125.jpg\" data-anim=\"ms:600;\" data-in=\"o:0;\" data-out=\"a:false;\">\n\t\t\t\t\t\t\t<img decoding=\"async\" src=\"\/\/emtel.pl\/wp-content\/plugins\/revslider\/sr6\/assets\/assets\/dummy.png\" alt=\"FX 3000C\" title=\"FX 3000C\" width=\"1200\" height=\"865\" class=\"rev-slidebg tp-rs-img rs-lazyload\" data-lazyload=\"\/\/emtel.pl\/wp-content\/uploads\/2025\/11\/centrala.jpg\" data-bg=\"f:contain;\" data-no-retina>\n<!---->\t\t\t\t\t<\/rs-slide>\n\t\t\t\t\t<\/rs-slides>\n\t\t\t\t<\/rs-module>\n\t\t\t\t<script>\n\t\t\t\t\tsetREVStartSize({c: 'rev_slider_8_1',rl:[1240,1024,768,480],el:[800],gw:[1240],gh:[800],type:'standard',justify:'',layout:'fullwidth',thumbh:\"125\",mh:\"0\"});if (window.RS_MODULES!==undefined && window.RS_MODULES.modules!==undefined && window.RS_MODULES.modules[\"revslider81\"]!==undefined) {window.RS_MODULES.modules[\"revslider81\"].once = false;window.revapi8 = undefined;if (window.RS_MODULES.checkMinimal!==undefined) window.RS_MODULES.checkMinimal()}\n\t\t\t\t<\/script>\n\t\t\t<\/rs-module-wrap>\n\t\t\t<!-- END REVOLUTION SLIDER -->\n<\/div><\/div><\/div><\/div><\/div><\/section><section class=\"l-section wpb_row height_small\"><div class=\"l-section-h i-cf\"><div class=\"g-cols vc_row via_flex valign_top type_default stacking_default\"><div class=\"vc_col-sm-12 wpb_column vc_column_container\"><div class=\"vc_column-inner\"><div class=\"wpb_wrapper\"><div class=\"wpb_text_column\"><div class=\"wpb_wrapper\"><p>Z systemem monitorowania wsp\u00f3\u0142dzia\u0142a drukarka daj\u0105ca mo\u017cliwo\u015b\u0107 wydruk\u00f3w z ka\u017cdego kardiomonitora pod\u0142\u0105czonego do systemu, a tak\u017ce wydruki z archiwum gromadzonego w kardiomonitorze FX\u00a03000C pracuj\u0105cym jako centrala monitoruj\u0105ca.<\/p>\n<p>Mo\u017cliwo\u015bci konfiguracyjne takiego systemu s\u0105 bardzo szerokie.<\/p>\n<\/div><\/div><\/div><\/div><\/div><\/div><\/div><\/section><section class=\"l-section wpb_row us_custom_74af54a7 height_auto\"><div class=\"l-section-h i-cf\"><div class=\"g-cols vc_row via_flex valign_top type_default stacking_default\"><div class=\"vc_col-sm-12 wpb_column vc_column_container\"><div class=\"vc_column-inner\"><div class=\"wpb_wrapper\"><div class=\"wpb_text_column us_custom_a106749e\"><div class=\"wpb_wrapper\"><h3>Do pobrania:<\/h3>\n<\/div><\/div><div class=\"uavc-list-icon uavc-list-icon-wrapper ult-adjust-bottom-margin   vc_custom_1560498657262  vc_custom_1560498657262\"><ul class=\"uavc-list\"><li><div class=\"uavc-list-content\" id=\"list-icon-wrap-9363\">\n<div class=\"uavc-list-icon margin-bottom:0; \" data-animation=\"\" data-animation-delay=\"03\" style=\"margin-right:10px;\"><div class=\"ult-just-icon-wrapper  \"><div class=\"align-icon\" style=\"text-align:center;\">\n<div class=\"aio-icon-img \" style=\"font-size:35px;display:inline-block;\" >\n\t<img decoding=\"async\" class=\"img-icon\" alt=\"null\" src=\"https:\/\/emtel.pl\/wp-content\/uploads\/2019\/06\/icon-pdf.png\"\/>\n<\/div><\/div><\/div>\n<\/div><span  data-ultimate-target='#list-icon-wrap-9363 .uavc-list-desc'  data-responsive-json-new='{\"font-size\":\"\",\"line-height\":\"\"}'  class=\"uavc-list-desc ult-responsive\" style=\"\"><a href=\"\/wp-content\/uploads\/2021\/11\/FX-3000C.pdf\" target=\"_blank\" rel=\"noopener noreferrer\">System centralnego nadzoru FX&nbsp;3000C &#8211; katalog<\/a><\/p>\n<\/span><\/div><\/li><\/ul><\/div><\/div><\/div><\/div><\/div><\/div><\/section><!-- Row Backgrounds --><div class=\"upb_color\" data-bg-override=\"0\" data-bg-color=\"#f7f7f7\" data-fadeout=\"\" data-fadeout-percentage=\"30\" data-parallax-content=\"\" data-parallax-content-sense=\"30\" data-row-effect-mobile-disable=\"true\" data-img-parallax-mobile-disable=\"true\" data-rtl=\"false\"  data-custom-vc-row=\"\"  data-vc=\"8.7.2\"  data-is_old_vc=\"\"  data-theme-support=\"\"   data-overlay=\"false\" data-overlay-color=\"\" data-overlay-pattern=\"\" data-overlay-pattern-opacity=\"\" data-overlay-pattern-size=\"\"    ><\/div><section class=\"l-section wpb_row height_small\"><div class=\"l-section-h i-cf\"><div class=\"g-cols vc_row via_flex valign_top type_default stacking_default\"><div class=\"vc_col-sm-12 wpb_column vc_column_container\"><div class=\"vc_column-inner\"><div class=\"wpb_wrapper\"><div class=\"wpb_text_column\"><div class=\"wpb_wrapper\"><h3>Kardiomonitor FX 3000C zapewnia:<\/h3>\n<ul>\n<li>szybk\u0105 transmisj\u0119 danych mi\u0119dzy kardiomonitorami i central\u0105 oraz mi\u0119dzy samymi kardiomonitorami<\/li>\n<li>nadz\u00f3r wszystkich monitorowanych parametr\u00f3w ze wszystkich pod\u0142\u0105czonych do systemu kardiomonitor\u00f3w<\/li>\n<li>mo\u017cliwo\u015b\u0107 zdalnego podgl\u0105du wszystkich kardiomonitor\u00f3w<\/li>\n<li>wiele tryb\u00f3w monitorowania systemu<\/li>\n<li>pe\u0142n\u0105 (standardowo 24 lub 48 godzinn\u0105) archiwizacj\u0119 danych ze wszystkich pod\u0142\u0105czonych kardiomonitor\u00f3w<\/li>\n<li>\u0142atw\u0105 rozbudow\u0119 systemu o kolejne jednostki<\/li>\n<li>wydruk z dowolnego kardiomonitora uruchamiany z centrali lub ze stanowiska przy\u0142\u00f3\u017ckowego<\/li>\n<li>wydruk wybranych danych archiwalnych<\/li>\n<li>kompleksow\u0105 archiwizacj\u0119 danych z kardiomonitor\u00f3w przy\u0142\u00f3\u017ckowych, w tym:\n<ul>\n<li>przegl\u0105danie trend\u00f3w wszystkich parametr\u00f3w<\/li>\n<li>przegl\u0105danie fal wszystkich parametr\u00f3w<\/li>\n<li>analiz\u0119 arytmii oraz przegl\u0105danie wraz z wyszukiwaniem r\u00f3\u017cnych typ\u00f3w arytmii<\/li>\n<\/ul>\n<\/li>\n<\/ul>\n<\/div><\/div><\/div><\/div><\/div><\/div><\/div><\/section><section class=\"l-section wpb_row us_custom_5b1892f8 height_small\"><div class=\"l-section-h i-cf\"><div class=\"g-cols vc_row via_flex valign_top type_default stacking_default\"><div class=\"vc_col-sm-12 wpb_column vc_column_container\"><div class=\"vc_column-inner\"><div class=\"wpb_wrapper\"><div class=\"wpb_text_column\"><div class=\"wpb_wrapper\"><h3 style=\"text-align: center;\">Aparat posiada certyfikat CE i zarejestrowany jest w Urz\u0119dzie Rejestracji Wyrob\u00f3w Medycznych.<\/h3>\n<\/div><\/div><\/div><\/div><\/div><\/div><\/div><\/section><!-- Row Backgrounds --><div class=\"upb_color\" data-bg-override=\"0\" data-bg-color=\"#f5f5f5\" data-fadeout=\"\" data-fadeout-percentage=\"30\" data-parallax-content=\"\" data-parallax-content-sense=\"30\" data-row-effect-mobile-disable=\"true\" data-img-parallax-mobile-disable=\"true\" data-rtl=\"false\"  data-custom-vc-row=\"\"  data-vc=\"8.7.2\"  data-is_old_vc=\"\"  data-theme-support=\"\"   data-overlay=\"false\" data-overlay-color=\"\" data-overlay-pattern=\"\" data-overlay-pattern-opacity=\"\" data-overlay-pattern-size=\"\"    ><\/div>\n","protected":false},"excerpt":{"rendered":"System nadzoru FX 3000 sk\u0142ada si\u0119 z kardiomonitor\u00f3w przy\u0142\u00f3\u017ckowych typu FX 3000, FX 3000MD i FX 3000P oraz kardiomonitora FX 3000C pracuj\u0105cego jako centrala monitoruj\u0105ca. Transmisj\u0119 danych mi\u0119dzy monitorami i central\u0105 zapewnia szybka i bardzo nowoczesna sie\u0107 Ethernet. Takie rozwi\u0105zanie daje szerokie mo\u017cliwo\u015bci rozbudowy systemu oraz pod\u0142\u0105czenie go do centralnej sieci komputerowej szpitala. Opr\u00f3cz transmisji...","protected":false},"author":1,"featured_media":3276,"parent":9,"menu_order":4,"comment_status":"closed","ping_status":"closed","template":"","meta":{"_jet_sm_ready_style":"","_jet_sm_style":"","_jet_sm_controls_values":"","_jet_sm_fonts_collection":"","_jet_sm_fonts_links":"","footnotes":"","_links_to":"","_links_to_target":""},"class_list":["post-97","page","type-page","status-publish","has-post-thumbnail","hentry"],"yoast_head":"<!-- This site is optimized with the Yoast SEO plugin v26.6 - https:\/\/yoast.com\/wordpress\/plugins\/seo\/ -->\n<title>System centralnego nadzoru FX&nbsp;3000C - EMTEL - kardiomonitory, defibrylatory, profesjonalny serwis producenta<\/title>\n<meta name=\"description\" content=\"System nadzoru FX 3000 sk\u0142ada si\u0119 z kardiomonitor\u00f3w przy\u0142\u00f3\u017ckowych typu FX 3000, FX 3000MD i FX 3000P oraz kardiomonitora FX 3000C pracuj\u0105cego jako centrala monitoruj\u0105ca. Transmisj\u0119 danych mi\u0119dzy monitorami i central\u0105 zapewnia szybka i bardzo nowoczesna sie\u0107 Ethernet. Takie rozwi\u0105zanie daje szerokie mo\u017cliwo\u015bci rozbudowy systemu oraz pod\u0142\u0105czenie go do centralnej sieci komputerowej szpitala.\" \/>\n<meta name=\"robots\" content=\"index, follow, max-snippet:-1, max-image-preview:large, max-video-preview:-1\" \/>\n<link rel=\"canonical\" href=\"https:\/\/emtel.pl\/index.php\/produkty\/system-centralnego-nadzoru-fx-3000c\/\" \/>\n<meta property=\"og:locale\" content=\"pl_PL\" \/>\n<meta property=\"og:type\" content=\"article\" \/>\n<meta property=\"og:title\" content=\"System centralnego nadzoru FX&nbsp;3000C - EMTEL - kardiomonitory, defibrylatory, profesjonalny serwis producenta\" \/>\n<meta property=\"og:description\" content=\"System nadzoru FX 3000 sk\u0142ada si\u0119 z kardiomonitor\u00f3w przy\u0142\u00f3\u017ckowych typu FX 3000, FX 3000MD i FX 3000P oraz kardiomonitora FX 3000C pracuj\u0105cego jako centrala monitoruj\u0105ca. Transmisj\u0119 danych mi\u0119dzy monitorami i central\u0105 zapewnia szybka i bardzo nowoczesna sie\u0107 Ethernet. Takie rozwi\u0105zanie daje szerokie mo\u017cliwo\u015bci rozbudowy systemu oraz pod\u0142\u0105czenie go do centralnej sieci komputerowej szpitala.\" \/>\n<meta property=\"og:url\" content=\"https:\/\/emtel.pl\/index.php\/produkty\/system-centralnego-nadzoru-fx-3000c\/\" \/>\n<meta property=\"og:site_name\" content=\"EMTEL - kardiomonitory, defibrylatory, profesjonalny serwis producenta\" \/>\n<meta property=\"article:modified_time\" content=\"2025-11-17T16:03:21+00:00\" \/>\n<meta property=\"og:image\" content=\"http:\/\/emtel.pl\/wp-content\/uploads\/2025\/11\/centrala.jpg\" \/>\n\t<meta property=\"og:image:width\" content=\"1200\" \/>\n\t<meta property=\"og:image:height\" content=\"865\" \/>\n\t<meta property=\"og:image:type\" content=\"image\/jpeg\" \/>\n<meta name=\"twitter:card\" content=\"summary_large_image\" \/>\n<meta name=\"twitter:label1\" content=\"Szacowany czas czytania\" \/>\n\t<meta name=\"twitter:data1\" content=\"3 minuty\" \/>\n<script type=\"application\/ld+json\" class=\"yoast-schema-graph\">{\"@context\":\"https:\/\/schema.org\",\"@graph\":[{\"@type\":\"WebPage\",\"@id\":\"https:\/\/emtel.pl\/index.php\/produkty\/system-centralnego-nadzoru-fx-3000c\/\",\"url\":\"https:\/\/emtel.pl\/index.php\/produkty\/system-centralnego-nadzoru-fx-3000c\/\",\"name\":\"System centralnego nadzoru FX&nbsp;3000C - EMTEL - kardiomonitory, defibrylatory, profesjonalny serwis producenta\",\"isPartOf\":{\"@id\":\"https:\/\/emtel.pl\/#website\"},\"primaryImageOfPage\":{\"@id\":\"https:\/\/emtel.pl\/index.php\/produkty\/system-centralnego-nadzoru-fx-3000c\/#primaryimage\"},\"image\":{\"@id\":\"https:\/\/emtel.pl\/index.php\/produkty\/system-centralnego-nadzoru-fx-3000c\/#primaryimage\"},\"thumbnailUrl\":\"https:\/\/emtel.pl\/wp-content\/uploads\/2025\/11\/centrala.jpg\",\"datePublished\":\"2019-03-27T14:10:03+00:00\",\"dateModified\":\"2025-11-17T16:03:21+00:00\",\"description\":\"System nadzoru FX 3000 sk\u0142ada si\u0119 z kardiomonitor\u00f3w przy\u0142\u00f3\u017ckowych typu FX 3000, FX 3000MD i FX 3000P oraz kardiomonitora FX 3000C pracuj\u0105cego jako centrala monitoruj\u0105ca. Transmisj\u0119 danych mi\u0119dzy monitorami i central\u0105 zapewnia szybka i bardzo nowoczesna sie\u0107 Ethernet. Takie rozwi\u0105zanie daje szerokie mo\u017cliwo\u015bci rozbudowy systemu oraz pod\u0142\u0105czenie go do centralnej sieci komputerowej szpitala.\",\"breadcrumb\":{\"@id\":\"https:\/\/emtel.pl\/index.php\/produkty\/system-centralnego-nadzoru-fx-3000c\/#breadcrumb\"},\"inLanguage\":\"pl-PL\",\"potentialAction\":[{\"@type\":\"ReadAction\",\"target\":[\"https:\/\/emtel.pl\/index.php\/produkty\/system-centralnego-nadzoru-fx-3000c\/\"]}]},{\"@type\":\"ImageObject\",\"inLanguage\":\"pl-PL\",\"@id\":\"https:\/\/emtel.pl\/index.php\/produkty\/system-centralnego-nadzoru-fx-3000c\/#primaryimage\",\"url\":\"https:\/\/emtel.pl\/wp-content\/uploads\/2025\/11\/centrala.jpg\",\"contentUrl\":\"https:\/\/emtel.pl\/wp-content\/uploads\/2025\/11\/centrala.jpg\",\"width\":1200,\"height\":865,\"caption\":\"FX 3000C\"},{\"@type\":\"BreadcrumbList\",\"@id\":\"https:\/\/emtel.pl\/index.php\/produkty\/system-centralnego-nadzoru-fx-3000c\/#breadcrumb\",\"itemListElement\":[{\"@type\":\"ListItem\",\"position\":1,\"name\":\"Strona g\u0142\u00f3wna\",\"item\":\"https:\/\/emtel.pl\/\"},{\"@type\":\"ListItem\",\"position\":2,\"name\":\"Produkty\",\"item\":\"https:\/\/emtel.pl\/index.php\/produkty\/\"},{\"@type\":\"ListItem\",\"position\":3,\"name\":\"System centralnego nadzoru FX&nbsp;3000C\"}]},{\"@type\":\"WebSite\",\"@id\":\"https:\/\/emtel.pl\/#website\",\"url\":\"https:\/\/emtel.pl\/\",\"name\":\"EMTEL - kardiomonitory, defibrylatory, profesjonalny serwis producenta\",\"description\":\"Technologia od serca\",\"potentialAction\":[{\"@type\":\"SearchAction\",\"target\":{\"@type\":\"EntryPoint\",\"urlTemplate\":\"https:\/\/emtel.pl\/?s={search_term_string}\"},\"query-input\":{\"@type\":\"PropertyValueSpecification\",\"valueRequired\":true,\"valueName\":\"search_term_string\"}}],\"inLanguage\":\"pl-PL\"}]}<\/script>\n<!-- \/ Yoast SEO plugin. -->","yoast_head_json":{"title":"System centralnego nadzoru FX&nbsp;3000C - EMTEL - kardiomonitory, defibrylatory, profesjonalny serwis producenta","description":"System nadzoru FX 3000 sk\u0142ada si\u0119 z kardiomonitor\u00f3w przy\u0142\u00f3\u017ckowych typu FX 3000, FX 3000MD i FX 3000P oraz kardiomonitora FX 3000C pracuj\u0105cego jako centrala monitoruj\u0105ca. Transmisj\u0119 danych mi\u0119dzy monitorami i central\u0105 zapewnia szybka i bardzo nowoczesna sie\u0107 Ethernet. Takie rozwi\u0105zanie daje szerokie mo\u017cliwo\u015bci rozbudowy systemu oraz pod\u0142\u0105czenie go do centralnej sieci komputerowej szpitala.","robots":{"index":"index","follow":"follow","max-snippet":"max-snippet:-1","max-image-preview":"max-image-preview:large","max-video-preview":"max-video-preview:-1"},"canonical":"https:\/\/emtel.pl\/index.php\/produkty\/system-centralnego-nadzoru-fx-3000c\/","og_locale":"pl_PL","og_type":"article","og_title":"System centralnego nadzoru FX&nbsp;3000C - EMTEL - kardiomonitory, defibrylatory, profesjonalny serwis producenta","og_description":"System nadzoru FX 3000 sk\u0142ada si\u0119 z kardiomonitor\u00f3w przy\u0142\u00f3\u017ckowych typu FX 3000, FX 3000MD i FX 3000P oraz kardiomonitora FX 3000C pracuj\u0105cego jako centrala monitoruj\u0105ca. Transmisj\u0119 danych mi\u0119dzy monitorami i central\u0105 zapewnia szybka i bardzo nowoczesna sie\u0107 Ethernet. Takie rozwi\u0105zanie daje szerokie mo\u017cliwo\u015bci rozbudowy systemu oraz pod\u0142\u0105czenie go do centralnej sieci komputerowej szpitala.","og_url":"https:\/\/emtel.pl\/index.php\/produkty\/system-centralnego-nadzoru-fx-3000c\/","og_site_name":"EMTEL - kardiomonitory, defibrylatory, profesjonalny serwis producenta","article_modified_time":"2025-11-17T16:03:21+00:00","og_image":[{"width":1200,"height":865,"url":"http:\/\/emtel.pl\/wp-content\/uploads\/2025\/11\/centrala.jpg","type":"image\/jpeg"}],"twitter_card":"summary_large_image","twitter_misc":{"Szacowany czas czytania":"3 minuty"},"schema":{"@context":"https:\/\/schema.org","@graph":[{"@type":"WebPage","@id":"https:\/\/emtel.pl\/index.php\/produkty\/system-centralnego-nadzoru-fx-3000c\/","url":"https:\/\/emtel.pl\/index.php\/produkty\/system-centralnego-nadzoru-fx-3000c\/","name":"System centralnego nadzoru FX&nbsp;3000C - EMTEL - kardiomonitory, defibrylatory, profesjonalny serwis producenta","isPartOf":{"@id":"https:\/\/emtel.pl\/#website"},"primaryImageOfPage":{"@id":"https:\/\/emtel.pl\/index.php\/produkty\/system-centralnego-nadzoru-fx-3000c\/#primaryimage"},"image":{"@id":"https:\/\/emtel.pl\/index.php\/produkty\/system-centralnego-nadzoru-fx-3000c\/#primaryimage"},"thumbnailUrl":"https:\/\/emtel.pl\/wp-content\/uploads\/2025\/11\/centrala.jpg","datePublished":"2019-03-27T14:10:03+00:00","dateModified":"2025-11-17T16:03:21+00:00","description":"System nadzoru FX 3000 sk\u0142ada si\u0119 z kardiomonitor\u00f3w przy\u0142\u00f3\u017ckowych typu FX 3000, FX 3000MD i FX 3000P oraz kardiomonitora FX 3000C pracuj\u0105cego jako centrala monitoruj\u0105ca. Transmisj\u0119 danych mi\u0119dzy monitorami i central\u0105 zapewnia szybka i bardzo nowoczesna sie\u0107 Ethernet. Takie rozwi\u0105zanie daje szerokie mo\u017cliwo\u015bci rozbudowy systemu oraz pod\u0142\u0105czenie go do centralnej sieci komputerowej szpitala.","breadcrumb":{"@id":"https:\/\/emtel.pl\/index.php\/produkty\/system-centralnego-nadzoru-fx-3000c\/#breadcrumb"},"inLanguage":"pl-PL","potentialAction":[{"@type":"ReadAction","target":["https:\/\/emtel.pl\/index.php\/produkty\/system-centralnego-nadzoru-fx-3000c\/"]}]},{"@type":"ImageObject","inLanguage":"pl-PL","@id":"https:\/\/emtel.pl\/index.php\/produkty\/system-centralnego-nadzoru-fx-3000c\/#primaryimage","url":"https:\/\/emtel.pl\/wp-content\/uploads\/2025\/11\/centrala.jpg","contentUrl":"https:\/\/emtel.pl\/wp-content\/uploads\/2025\/11\/centrala.jpg","width":1200,"height":865,"caption":"FX 3000C"},{"@type":"BreadcrumbList","@id":"https:\/\/emtel.pl\/index.php\/produkty\/system-centralnego-nadzoru-fx-3000c\/#breadcrumb","itemListElement":[{"@type":"ListItem","position":1,"name":"Strona g\u0142\u00f3wna","item":"https:\/\/emtel.pl\/"},{"@type":"ListItem","position":2,"name":"Produkty","item":"https:\/\/emtel.pl\/index.php\/produkty\/"},{"@type":"ListItem","position":3,"name":"System centralnego nadzoru FX&nbsp;3000C"}]},{"@type":"WebSite","@id":"https:\/\/emtel.pl\/#website","url":"https:\/\/emtel.pl\/","name":"EMTEL - kardiomonitory, defibrylatory, profesjonalny serwis producenta","description":"Technologia od serca","potentialAction":[{"@type":"SearchAction","target":{"@type":"EntryPoint","urlTemplate":"https:\/\/emtel.pl\/?s={search_term_string}"},"query-input":{"@type":"PropertyValueSpecification","valueRequired":true,"valueName":"search_term_string"}}],"inLanguage":"pl-PL"}]}},"_links":{"self":[{"href":"https:\/\/emtel.pl\/index.php\/wp-json\/wp\/v2\/pages\/97","targetHints":{"allow":["GET"]}}],"collection":[{"href":"https:\/\/emtel.pl\/index.php\/wp-json\/wp\/v2\/pages"}],"about":[{"href":"https:\/\/emtel.pl\/index.php\/wp-json\/wp\/v2\/types\/page"}],"author":[{"embeddable":true,"href":"https:\/\/emtel.pl\/index.php\/wp-json\/wp\/v2\/users\/1"}],"replies":[{"embeddable":true,"href":"https:\/\/emtel.pl\/index.php\/wp-json\/wp\/v2\/comments?post=97"}],"version-history":[{"count":18,"href":"https:\/\/emtel.pl\/index.php\/wp-json\/wp\/v2\/pages\/97\/revisions"}],"predecessor-version":[{"id":311,"href":"https:\/\/emtel.pl\/index.php\/wp-json\/wp\/v2\/pages\/97\/revisions\/311"}],"up":[{"embeddable":true,"href":"https:\/\/emtel.pl\/index.php\/wp-json\/wp\/v2\/pages\/9"}],"wp:featuredmedia":[{"embeddable":true,"href":"https:\/\/emtel.pl\/index.php\/wp-json\/wp\/v2\/media\/3276"}],"wp:attachment":[{"href":"https:\/\/emtel.pl\/index.php\/wp-json\/wp\/v2\/media?parent=97"}],"curies":[{"name":"wp","href":"https:\/\/api.w.org\/{rel}","templated":true}]}}